CRAN Package Check Results for Package PKPDmodels

Last updated on 2019-09-15 10:48:11 CEST.

Flavor Version Tinstall Tcheck Ttotal Status Flags
r-devel-linux-x86_64-debian-clang 0.3.2 1.92 21.93 23.85 NOTE
r-devel-linux-x86_64-debian-gcc 0.3.2 1.59 17.73 19.32 NOTE
r-devel-linux-x86_64-fedora-clang 0.3.2 29.35 NOTE
r-devel-linux-x86_64-fedora-gcc 0.3.2 28.89 NOTE
r-devel-windows-ix86+x86_64 0.3.2 6.00 35.00 41.00 NOTE
r-patched-linux-x86_64 0.3.2 1.59 21.74 23.33 NOTE
r-patched-solaris-x86 0.3.2 47.20 NOTE
r-release-linux-x86_64 0.3.2 1.68 21.63 23.31 NOTE
r-release-windows-ix86+x86_64 0.3.2 4.00 51.00 55.00 NOTE
r-release-osx-x86_64 0.3.2 NOTE
r-oldrel-windows-ix86+x86_64 0.3.2 4.00 33.00 37.00 NOTE
r-oldrel-osx-x86_64 0.3.2 NOTE

Check Details

Version: 0.3.2
Check: R code for possible problems
Result: NOTE
    PKmod: no visible global function definition for 'deriv'
    Undefined global functions or variables:
     deriv
    Consider adding
     importFrom("stats", "deriv")
    to your NAMESPACE file.
Flavors: r-devel-linux-x86_64-debian-clang, r-devel-linux-x86_64-debian-gcc, r-devel-linux-x86_64-fedora-clang, r-devel-linux-x86_64-fedora-gcc, r-devel-windows-ix86+x86_64, r-patched-linux-x86_64, r-patched-solaris-x86, r-release-linux-x86_64, r-release-windows-ix86+x86_64, r-release-osx-x86_64, r-oldrel-windows-ix86+x86_64, r-oldrel-osx-x86_64