CRAN Package Check Results for Package PKPDmodels

Last updated on 2020-01-23 08:49:02 CET.

Flavor Version Tinstall Tcheck Ttotal Status Flags
r-devel-linux-x86_64-debian-clang 0.3.2 2.19 22.14 24.33 NOTE
r-devel-linux-x86_64-debian-gcc 0.3.2 1.58 18.13 19.71 NOTE
r-devel-linux-x86_64-fedora-clang 0.3.2 31.48 NOTE
r-devel-linux-x86_64-fedora-gcc 0.3.2 30.73 NOTE
r-devel-windows-ix86+x86_64 0.3.2 9.00 55.00 64.00 NOTE
r-devel-windows-ix86+x86_64-gcc8 0.3.2 7.00 52.00 59.00 NOTE
r-patched-linux-x86_64 0.3.2 1.62 20.97 22.59 NOTE
r-patched-solaris-x86 0.3.2 43.60 NOTE
r-release-linux-x86_64 0.3.2 1.46 21.12 22.58 NOTE
r-release-windows-ix86+x86_64 0.3.2 7.00 50.00 57.00 NOTE
r-release-osx-x86_64 0.3.2 NOTE
r-oldrel-windows-ix86+x86_64 0.3.2 3.00 47.00 50.00 NOTE
r-oldrel-osx-x86_64 0.3.2 NOTE

Additional issues

noSuggests

Check Details

Version: 0.3.2
Check: R code for possible problems
Result: NOTE
    PKmod: no visible global function definition for 'deriv'
    Undefined global functions or variables:
     deriv
    Consider adding
     importFrom("stats", "deriv")
    to your NAMESPACE file.
Flavors: r-devel-linux-x86_64-debian-clang, r-devel-linux-x86_64-debian-gcc, r-devel-linux-x86_64-fedora-clang, r-devel-linux-x86_64-fedora-gcc, r-devel-windows-ix86+x86_64, r-devel-windows-ix86+x86_64-gcc8, r-patched-linux-x86_64, r-patched-solaris-x86, r-release-linux-x86_64, r-release-windows-ix86+x86_64, r-release-osx-x86_64, r-oldrel-windows-ix86+x86_64, r-oldrel-osx-x86_64