CRAN Package Check Results for Package PLNmodels

Last updated on 2022-10-05 21:53:42 CEST.

Flavor Version Tinstall Tcheck Ttotal Status Flags
r-devel-linux-x86_64-debian-clang 0.11.7 177.48 318.90 496.38 OK
r-devel-linux-x86_64-debian-gcc 0.11.7 147.39 224.42 371.81 OK
r-devel-linux-x86_64-fedora-clang 0.11.7 667.28 OK
r-devel-linux-x86_64-fedora-gcc 0.11.7 630.34 OK
r-devel-windows-x86_64 0.11.7 188.00 388.00 576.00 OK
r-patched-linux-x86_64 0.11.7 151.47 289.32 440.79 OK
r-release-linux-x86_64 0.11.7 119.95 294.38 414.33 OK
r-release-macos-arm64 0.11.7 122.00 NOTE
r-release-macos-x86_64 0.11.7 222.00 NOTE
r-release-windows-x86_64 0.11.7 174.00 365.00 539.00 OK
r-oldrel-macos-arm64 0.11.7 126.00 NOTE
r-oldrel-macos-x86_64 0.11.7 236.00 NOTE
r-oldrel-windows-ix86+x86_64 0.11.7 420.00 545.00 965.00 NOTE

Check Details

Version: 0.11.7
Check: installed package size
Result: NOTE
     installed size is 13.2Mb
     sub-directories of 1Mb or more:
     doc 2.1Mb
     libs 9.9Mb
Flavors: r-release-macos-arm64, r-release-macos-x86_64, r-oldrel-macos-arm64, r-oldrel-macos-x86_64, r-oldrel-windows-ix86+x86_64