Last updated on 2022-08-13 07:11:42 CEST.
Flavor | Version | Tinstall | Tcheck | Ttotal | Status | Flags |
---|---|---|---|---|---|---|
r-devel-linux-x86_64-debian-clang | 2.1.7 | 41.31 | 236.86 | 278.17 | OK | |
r-devel-linux-x86_64-debian-gcc | 2.1.7 | 40.25 | 171.34 | 211.59 | OK | |
r-devel-linux-x86_64-fedora-clang | 2.1.7 | 344.46 | NOTE | |||
r-devel-linux-x86_64-fedora-gcc | 2.1.7 | 353.05 | OK | |||
r-devel-windows-x86_64 | 2.1.7 | 60.00 | 282.00 | 342.00 | OK | |
r-patched-linux-x86_64 | 2.1.7 | 46.76 | 222.43 | 269.19 | OK | |
r-release-linux-x86_64 | 2.1.7 | 48.34 | 219.15 | 267.49 | OK | |
r-release-macos-arm64 | 2.1.7 | 92.00 | NOTE | |||
r-release-macos-x86_64 | 2.1.7 | 166.00 | NOTE | |||
r-release-windows-x86_64 | 2.1.7 | 55.00 | 274.00 | 329.00 | OK | |
r-oldrel-macos-arm64 | 2.1.7 | 129.00 | NOTE | |||
r-oldrel-macos-x86_64 | 2.1.7 | 164.00 | NOTE | |||
r-oldrel-windows-ix86+x86_64 | 2.1.7 | 99.00 | 343.00 | 442.00 | OK |
Version: 2.1.7
Check: installed package size
Result: NOTE
installed size is 5.5Mb
sub-directories of 1Mb or more:
libs 4.7Mb
Flavors: r-devel-linux-x86_64-fedora-clang, r-release-macos-arm64, r-release-macos-x86_64, r-oldrel-macos-arm64, r-oldrel-macos-x86_64