Last updated on 2023-03-29 08:53:47 CEST.
Flavor | Version | Tinstall | Tcheck | Ttotal | Status | Flags |
---|---|---|---|---|---|---|
r-devel-linux-x86_64-debian-clang | 0.1.3 | 50.14 | 88.84 | 138.98 | OK | |
r-devel-linux-x86_64-debian-gcc | 0.1.3 | 40.27 | 66.66 | 106.93 | OK | |
r-devel-linux-x86_64-fedora-clang | 0.1.3 | 184.67 | OK | |||
r-devel-linux-x86_64-fedora-gcc | 0.1.3 | 184.61 | OK | |||
r-devel-windows-x86_64 | 0.1.3 | 64.00 | 162.00 | 226.00 | OK | |
r-patched-linux-x86_64 | 0.1.3 | 33.59 | 83.53 | 117.12 | OK | |
r-release-linux-x86_64 | 0.1.3 | 38.24 | 84.66 | 122.90 | OK | |
r-release-macos-arm64 | 0.1.3 | 43.00 | NOTE | |||
r-release-macos-x86_64 | 0.1.3 | 69.00 | NOTE | |||
r-release-windows-x86_64 | 0.1.3 | 50.00 | 151.00 | 201.00 | OK | |
r-oldrel-macos-arm64 | 0.1.3 | 44.00 | NOTE | |||
r-oldrel-macos-x86_64 | 0.1.3 | 72.00 | NOTE | |||
r-oldrel-windows-ix86+x86_64 | 0.1.3 | 112.00 | 190.00 | 302.00 | OK |
Version: 0.1.3
Check: installed package size
Result: NOTE
installed size is 5.5Mb
sub-directories of 1Mb or more:
libs 4.4Mb
Flavors: r-release-macos-arm64, r-release-macos-x86_64, r-oldrel-macos-arm64, r-oldrel-macos-x86_64