CRAN Package Check Results for Package PREPShiny

Last updated on 2020-07-09 22:48:54 CEST.

Flavor Version Tinstall Tcheck Ttotal Status Flags
r-devel-linux-x86_64-debian-clang 0.1.0 2.00 17.41 19.41 OK
r-devel-linux-x86_64-debian-gcc 0.1.0 1.68 13.95 15.63 OK
r-devel-linux-x86_64-fedora-clang 0.1.0 32.63 NOTE
r-devel-linux-x86_64-fedora-gcc 0.1.0 23.40 NOTE
r-devel-windows-ix86+x86_64 0.1.0 8.00 44.00 52.00 OK
r-patched-linux-x86_64 0.1.0 1.92 17.48 19.40 OK
r-patched-solaris-x86 0.1.0 36.80 NOTE
r-release-linux-x86_64 0.1.0 2.09 17.53 19.62 OK
r-release-osx-x86_64 0.1.0 NOTE
r-release-windows-ix86+x86_64 0.1.0 8.00 34.00 42.00 OK
r-oldrel-osx-x86_64 0.1.0 NOTE
r-oldrel-windows-ix86+x86_64 0.1.0 6.00 27.00 33.00 OK

Check Details

Version: 0.1.0
Check: dependencies in R code
Result: NOTE
    Namespaces in Imports field not imported from:
     ‘datasets’ ‘dplyr’ ‘psycho’ ‘shiny’
     All declared Imports should be used.
Flavors: r-devel-linux-x86_64-fedora-clang, r-devel-linux-x86_64-fedora-gcc, r-patched-solaris-x86, r-release-osx-x86_64, r-oldrel-osx-x86_64