CRAN Package Check Results for Package PRISMAstatement

Last updated on 2020-11-27 19:48:54 CET.

Flavor Version Tinstall Tcheck Ttotal Status Flags
r-devel-linux-x86_64-debian-clang 1.1.1 3.68 38.33 42.01 OK
r-devel-linux-x86_64-debian-gcc 1.1.1 3.46 29.49 32.95 OK
r-devel-linux-x86_64-fedora-clang 1.1.1 55.12 NOTE
r-devel-linux-x86_64-fedora-gcc 1.1.1 45.46 OK
r-devel-windows-ix86+x86_64 1.1.1 7.00 53.00 60.00 OK
r-patched-linux-x86_64 1.1.1 4.03 36.75 40.78 OK
r-patched-solaris-x86 1.1.1 53.20 WARN
r-release-linux-x86_64 1.1.1 3.99 37.62 41.61 OK
r-release-macos-x86_64 1.1.1 WARN
r-release-windows-ix86+x86_64 1.1.1 10.00 59.00 69.00 OK
r-oldrel-macos-x86_64 1.1.1 WARN
r-oldrel-windows-ix86+x86_64 1.1.1 5.00 47.00 52.00 OK

Check Details

Version: 1.1.1
Check: installed package size
Result: NOTE
     installed size is 5.0Mb
     sub-directories of 1Mb or more:
     doc 4.8Mb
Flavors: r-devel-linux-x86_64-fedora-clang, r-patched-solaris-x86

Version: 1.1.1
Check: package dependencies
Result: NOTE
    Package suggested but not available for checking: ‘rsvg’
Flavor: r-patched-solaris-x86

Version: 1.1.1
Check: re-building of vignette outputs
Result: WARN
    Error(s) in re-building vignettes:
     ...
    --- re-building ‘PRISMA.Rmd’ using rmarkdown
    Warning in engine$weave(file, quiet = quiet, encoding = enc) :
     Pandoc (>= 1.12.3) and/or pandoc-citeproc not available. Falling back to R Markdown v1.
    Quitting from lines 39-52 (PRISMA.Rmd)
    Error: processing vignette 'PRISMA.Rmd' failed with diagnostics:
    there is no package called 'webshot'
    --- failed re-building ‘PRISMA.Rmd’
    
    --- re-building ‘exclusionflowcharts.Rmd’ using rmarkdown
    Warning in engine$weave(file, quiet = quiet, encoding = enc) :
     Pandoc (>= 1.12.3) and/or pandoc-citeproc not available. Falling back to R Markdown v1.
    Quitting from lines 25-31 (exclusionflowcharts.Rmd)
    Error: processing vignette 'exclusionflowcharts.Rmd' failed with diagnostics:
    there is no package called 'webshot'
    --- failed re-building ‘exclusionflowcharts.Rmd’
    
    SUMMARY: processing the following files failed:
     ‘PRISMA.Rmd’ ‘exclusionflowcharts.Rmd’
    
    Error: Vignette re-building failed.
    Execution halted
Flavor: r-patched-solaris-x86

Version: 1.1.1
Check: re-building of vignette outputs
Result: WARN
    Error(s) in re-building vignettes:
     ...
    --- re-building ‘PRISMA.Rmd’ using rmarkdown
    Warning in engine$weave(file, quiet = quiet, encoding = enc) :
     Pandoc (>= 1.12.3) and/or pandoc-citeproc not available. Falling back to R Markdown v1.
    Quitting from lines 39-52 (PRISMA.Rmd)
    Error: processing vignette 'PRISMA.Rmd' failed with diagnostics:
    cannot open the connection
    --- failed re-building ‘PRISMA.Rmd’
    
    --- re-building ‘exclusionflowcharts.Rmd’ using rmarkdown
    Warning in engine$weave(file, quiet = quiet, encoding = enc) :
     Pandoc (>= 1.12.3) and/or pandoc-citeproc not available. Falling back to R Markdown v1.
    Quitting from lines 25-31 (exclusionflowcharts.Rmd)
    Error: processing vignette 'exclusionflowcharts.Rmd' failed with diagnostics:
    cannot open the connection
    --- failed re-building ‘exclusionflowcharts.Rmd’
    
    SUMMARY: processing the following files failed:
     ‘PRISMA.Rmd’ ‘exclusionflowcharts.Rmd’
    
    Error: Vignette re-building failed.
    Execution halted
Flavors: r-release-macos-x86_64, r-oldrel-macos-x86_64