CRAN Package Check Results for Package PReMiuM

Last updated on 2022-01-27 14:54:10 CET.

Flavor Version Tinstall Tcheck Ttotal Status Flags
r-devel-linux-x86_64-debian-clang 3.2.7 117.31 318.73 436.04 OK
r-devel-linux-x86_64-debian-gcc 3.2.7 90.95 237.74 328.69 OK
r-devel-linux-x86_64-fedora-clang 3.2.7 514.52 NOTE
r-devel-linux-x86_64-fedora-gcc 3.2.7 526.81 OK
r-devel-windows-x86_64-new-UL 3.2.7 99.00 325.00 424.00 OK
r-devel-windows-x86_64-new-TK 3.2.7 OK
r-patched-linux-x86_64 3.2.7 94.66 282.46 377.12 OK
r-release-linux-x86_64 3.2.7 107.75 284.09 391.84 OK
r-release-macos-arm64 3.2.7 NOTE
r-release-macos-x86_64 3.2.7 NOTE
r-release-windows-ix86+x86_64 3.2.7 224.00 439.00 663.00 OK
r-oldrel-macos-x86_64 3.2.7 NOTE
r-oldrel-windows-ix86+x86_64 3.2.7 227.00 465.00 692.00 OK

Check Details

Version: 3.2.7
Check: installed package size
Result: NOTE
     installed size is 14.6Mb
     sub-directories of 1Mb or more:
     libs 14.2Mb
Flavors: r-devel-linux-x86_64-fedora-clang, r-release-macos-arm64, r-release-macos-x86_64, r-oldrel-macos-x86_64