CRAN Package Check Results for Package PStrata

Last updated on 2024-07-20 19:52:58 CEST.

Flavor Version Tinstall Tcheck Ttotal Status Flags
r-devel-linux-x86_64-debian-clang 0.0.5 2.78 46.36 49.14 OK
r-devel-linux-x86_64-debian-gcc 0.0.5 3.19 34.38 37.57 OK
r-devel-linux-x86_64-fedora-clang 0.0.5 66.93 OK
r-devel-linux-x86_64-fedora-gcc 0.0.5 74.78 OK
r-devel-windows-x86_64 0.0.5 5.00 56.00 61.00 NOTE
r-patched-linux-x86_64 0.0.5 11.25 43.60 54.85 OK
r-release-linux-x86_64 0.0.5 2.42 44.36 46.78 OK
r-release-macos-arm64 0.0.5 27.00 OK
r-release-macos-x86_64 0.0.5 57.00 OK
r-release-windows-x86_64 0.0.5 4.00 55.00 59.00 OK
r-oldrel-macos-arm64 0.0.5 30.00 OK
r-oldrel-macos-x86_64 0.0.5 52.00 OK
r-oldrel-windows-x86_64 0.0.5 5.00 62.00 67.00 OK

Check Details

Version: 0.0.5
Check: Rd cross-references
Result: NOTE Found the following Rd file(s) with Rd \link{} targets missing package anchors: PStrata-package.Rd: lme4 Please provide package anchors for all Rd \link{} targets not in the package itself and the base packages. Flavor: r-devel-windows-x86_64