CRAN Package Check Results for Package PTE

Last updated on 2020-02-27 20:48:35 CET.

Flavor Version Tinstall Tcheck Ttotal Status Flags
r-devel-linux-x86_64-debian-clang 1.7 8.13 58.49 66.62 OK
r-devel-linux-x86_64-debian-gcc 1.7 5.75 46.14 51.89 OK
r-devel-linux-x86_64-fedora-clang 1.7 79.75 NOTE
r-devel-linux-x86_64-fedora-gcc 1.7 77.88 NOTE
r-devel-windows-ix86+x86_64 1.7 12.00 65.00 77.00 OK
r-devel-windows-ix86+x86_64-gcc8 1.7 14.00 65.00 79.00 OK
r-patched-linux-x86_64 1.7 6.85 52.30 59.15 OK
r-patched-solaris-x86 1.7 113.30 NOTE
r-release-linux-x86_64 1.7 6.38 52.06 58.44 OK
r-release-windows-ix86+x86_64 1.7 11.00 61.00 72.00 OK
r-release-osx-x86_64 1.7 NOTE
r-oldrel-windows-ix86+x86_64 1.7 8.00 64.00 72.00 OK
r-oldrel-osx-x86_64 1.7 NOTE

Check Details

Version: 1.7
Check: dependencies in R code
Result: NOTE
    Namespace in Imports field not imported from: ‘grDevices’
     All declared Imports should be used.
Flavors: r-devel-linux-x86_64-fedora-clang, r-devel-linux-x86_64-fedora-gcc, r-patched-solaris-x86, r-release-osx-x86_64, r-oldrel-osx-x86_64