CRAN Package Check Results for Package PTE

Last updated on 2019-09-18 21:46:22 CEST.

Flavor Version Tinstall Tcheck Ttotal Status Flags
r-devel-linux-x86_64-debian-clang 1.7 6.76 53.07 59.83 OK
r-devel-linux-x86_64-debian-gcc 1.7 6.34 43.05 49.39 OK
r-devel-linux-x86_64-fedora-clang 1.7 73.06 NOTE
r-devel-linux-x86_64-fedora-gcc 1.7 73.25 NOTE
r-devel-windows-ix86+x86_64 1.7 21.00 65.00 86.00 OK
r-patched-linux-x86_64 1.7 6.51 52.04 58.55 OK
r-patched-solaris-x86 1.7 116.90 NOTE
r-release-linux-x86_64 1.7 7.46 52.54 60.00 OK
r-release-windows-ix86+x86_64 1.7 14.00 86.00 100.00 OK
r-release-osx-x86_64 1.7 NOTE
r-oldrel-windows-ix86+x86_64 1.7 8.00 57.00 65.00 OK
r-oldrel-osx-x86_64 1.7 NOTE

Check Details

Version: 1.7
Check: dependencies in R code
Result: NOTE
    Namespace in Imports field not imported from: ‘grDevices’
     All declared Imports should be used.
Flavors: r-devel-linux-x86_64-fedora-clang, r-devel-linux-x86_64-fedora-gcc, r-patched-solaris-x86, r-release-osx-x86_64, r-oldrel-osx-x86_64