CRAN Package Check Results for Package PTE

Last updated on 2023-06-03 02:51:27 CEST.

Flavor Version Tinstall Tcheck Ttotal Status Flags
r-devel-linux-x86_64-debian-clang 1.7 10.10 74.54 84.64 OK
r-devel-linux-x86_64-debian-gcc 1.7 7.33 57.49 64.82 OK
r-devel-linux-x86_64-fedora-clang 1.7 105.40 NOTE
r-devel-linux-x86_64-fedora-gcc 1.7 113.94 NOTE
r-devel-windows-x86_64 1.7 10.00 71.00 81.00 OK
r-patched-linux-x86_64 1.7 OK
r-release-linux-x86_64 1.7 8.03 71.33 79.36 OK
r-release-macos-arm64 1.7 36.00 OK
r-release-macos-x86_64 1.7 54.00 OK
r-release-windows-x86_64 1.7 11.00 82.00 93.00 OK
r-oldrel-macos-arm64 1.7 26.00 NOTE
r-oldrel-macos-x86_64 1.7 43.00 NOTE
r-oldrel-windows-x86_64 1.7 11.00 83.00 94.00 OK

Check Details

Version: 1.7
Check: dependencies in R code
Result: NOTE
    Namespace in Imports field not imported from: ‘grDevices’
     All declared Imports should be used.
Flavors: r-devel-linux-x86_64-fedora-clang, r-devel-linux-x86_64-fedora-gcc, r-oldrel-macos-arm64, r-oldrel-macos-x86_64