CRAN Package Check Results for Package PUPAIM

Last updated on 2019-09-23 20:47:42 CEST.

Flavor Version Tinstall Tcheck Ttotal Status Flags
r-devel-linux-x86_64-debian-clang 0.1.0 3.62 26.38 30.00 OK
r-devel-linux-x86_64-debian-gcc 0.1.0 2.70 20.69 23.39 OK
r-devel-linux-x86_64-fedora-clang 0.1.0 36.32 NOTE
r-devel-linux-x86_64-fedora-gcc 0.1.0 36.19 NOTE
r-devel-windows-ix86+x86_64 0.1.0 11.00 67.00 78.00 OK
r-patched-linux-x86_64 0.1.0 3.51 26.21 29.72 OK
r-patched-solaris-x86 0.1.0 53.50 NOTE
r-release-linux-x86_64 0.1.0 3.30 26.52 29.82 OK
r-release-windows-ix86+x86_64 0.1.0 20.00 59.00 79.00 OK
r-release-osx-x86_64 0.1.0 NOTE
r-oldrel-windows-ix86+x86_64 0.1.0 7.00 40.00 47.00 OK
r-oldrel-osx-x86_64 0.1.0 NOTE

Check Details

Version: 0.1.0
Check: dependencies in R code
Result: NOTE
    Namespace in Imports field not imported from: ‘FSA’
     All declared Imports should be used.
Flavors: r-devel-linux-x86_64-fedora-clang, r-devel-linux-x86_64-fedora-gcc, r-patched-solaris-x86, r-release-osx-x86_64, r-oldrel-osx-x86_64