Last updated on 2023-06-06 01:03:36 CEST.
Flavor | Version | Tinstall | Tcheck | Ttotal | Status | Flags |
---|---|---|---|---|---|---|
r-devel-linux-x86_64-debian-clang | 1.2.117 | 25.13 | 213.75 | 238.88 | OK | |
r-devel-linux-x86_64-debian-gcc | 1.2.117 | 18.20 | 160.35 | 178.55 | OK | |
r-devel-linux-x86_64-fedora-clang | 1.2.117 | 312.54 | NOTE | |||
r-devel-linux-x86_64-fedora-gcc | 1.2.117 | 288.92 | OK | |||
r-devel-windows-x86_64 | 1.2.117 | 22.00 | 244.00 | 266.00 | OK | |
r-patched-linux-x86_64 | 1.2.117 | 26.21 | 202.22 | 228.43 | OK | |
r-release-linux-x86_64 | 1.2.117 | 18.09 | 203.50 | 221.59 | OK | |
r-release-macos-arm64 | 1.2.117 | 89.00 | OK | |||
r-release-macos-x86_64 | 1.2.117 | 153.00 | OK | |||
r-release-windows-x86_64 | 1.2.117 | 30.00 | 285.00 | 315.00 | OK | |
r-oldrel-macos-arm64 | 1.2.117 | 77.00 | OK | |||
r-oldrel-macos-x86_64 | 1.2.117 | 132.00 | OK | |||
r-oldrel-windows-x86_64 | 1.2.117 | 27.00 | 249.00 | 276.00 | OK |
Version: 1.2.117
Check: package dependencies
Result: NOTE
Imports includes 30 non-default packages.
Importing from so many packages makes the package vulnerable to any of
them becoming unavailable. Move as many as possible to Suggests and
use conditionally.
Flavor: r-devel-linux-x86_64-fedora-clang