CRAN Package Check Results for Package Pade

Last updated on 2020-08-10 02:47:04 CEST.

Flavor Version Tinstall Tcheck Ttotal Status Flags
r-devel-linux-x86_64-debian-clang 1.0.1 1.73 21.15 22.88 OK
r-devel-linux-x86_64-debian-gcc 1.0.1 1.51 16.87 18.38 OK
r-devel-linux-x86_64-fedora-clang 1.0.1 36.09 NOTE
r-devel-linux-x86_64-fedora-gcc 1.0.1 26.78 OK
r-devel-windows-ix86+x86_64 1.0.1 7.00 43.00 50.00 OK
r-patched-linux-x86_64 1.0.1 1.48 20.94 22.42 OK
r-patched-solaris-x86 1.0.1 42.50 OK
r-release-linux-x86_64 1.0.1 1.76 21.00 22.76 OK
r-release-macos-x86_64 1.0.1 OK
r-release-windows-ix86+x86_64 1.0.1 5.00 47.00 52.00 OK
r-oldrel-macos-x86_64 1.0.1 OK
r-oldrel-windows-ix86+x86_64 1.0.1 4.00 38.00 42.00 OK

Check Details

Version: 1.0.1
Check: Rd cross-references
Result: NOTE
    Undeclared package ‘pracma’ in Rd xrefs
Flavor: r-devel-linux-x86_64-fedora-clang