CRAN Package Check Results for Package PdPDB

Last updated on 2024-06-13 14:49:09 CEST.

Flavor Version Tinstall Tcheck Ttotal Status Flags
r-devel-linux-x86_64-debian-clang 2.0.1 9.38 61.19 70.57 OK
r-devel-linux-x86_64-debian-gcc 2.0.1 0.36 1.74 2.10 ERROR
r-devel-linux-x86_64-fedora-clang 2.0.1 93.26 OK
r-devel-linux-x86_64-fedora-gcc 2.0.1 83.42 OK
r-devel-windows-x86_64 2.0.1 8.00 61.00 69.00 OK
r-patched-linux-x86_64 2.0.1 6.97 58.69 65.66 OK
r-release-linux-x86_64 2.0.1 5.79 58.87 64.66 OK
r-release-macos-arm64 2.0.1 27.00 OK
r-release-macos-x86_64 2.0.1 69.00 OK
r-release-windows-x86_64 2.0.1 8.00 64.00 72.00 OK
r-oldrel-macos-arm64 2.0.1 28.00 OK
r-oldrel-macos-x86_64 2.0.1 44.00 OK
r-oldrel-windows-x86_64 2.0.1 11.00 70.00 81.00 OK

Check Details

Version: 2.0.1
Check: package dependencies
Result: ERROR Package required but not available: ‘dendextend’ See section ‘The DESCRIPTION file’ in the ‘Writing R Extensions’ manual. Flavor: r-devel-linux-x86_64-debian-gcc