Last updated on 2023-06-04 01:54:09 CEST.
Flavor | Version | Tinstall | Tcheck | Ttotal | Status | Flags |
---|---|---|---|---|---|---|
r-devel-linux-x86_64-debian-clang | 1.4.0 | 41.10 | 340.94 | 382.04 | OK | |
r-devel-linux-x86_64-debian-gcc | 1.4.0 | 30.25 | 252.42 | 282.67 | OK | |
r-devel-linux-x86_64-fedora-clang | 1.4.0 | 441.74 | NOTE | |||
r-devel-linux-x86_64-fedora-gcc | 1.4.0 | 305.70 | OK | |||
r-devel-windows-x86_64 | 1.4.0 | 30.00 | 243.00 | 273.00 | NOTE | |
r-patched-linux-x86_64 | 1.4.0 | OK | ||||
r-release-linux-x86_64 | 1.4.0 | 32.86 | 323.81 | 356.67 | OK | |
r-release-macos-arm64 | 1.4.0 | 122.00 | NOTE | |||
r-release-macos-x86_64 | 1.3.1 | 142.00 | NOTE | |||
r-release-windows-x86_64 | 1.4.0 | 38.00 | 324.00 | 362.00 | NOTE | |
r-oldrel-macos-arm64 | 1.4.0 | 124.00 | NOTE | |||
r-oldrel-macos-x86_64 | 1.4.0 | 152.00 | NOTE | |||
r-oldrel-windows-x86_64 | 1.4.0 | 41.00 | 309.00 | 350.00 | NOTE |
Version: 1.4.0
Check: installed package size
Result: NOTE
installed size is 7.3Mb
sub-directories of 1Mb or more:
doc 6.3Mb
Flavors: r-devel-linux-x86_64-fedora-clang, r-devel-windows-x86_64, r-release-macos-arm64, r-release-windows-x86_64, r-oldrel-macos-arm64, r-oldrel-macos-x86_64, r-oldrel-windows-x86_64
Version: 1.3.1
Check: installed package size
Result: NOTE
installed size is 7.0Mb
sub-directories of 1Mb or more:
doc 5.9Mb
Flavor: r-release-macos-x86_64