Last updated on 2025-01-21 18:49:49 CET.
Flavor | Version | Tinstall | Tcheck | Ttotal | Status | Flags |
---|---|---|---|---|---|---|
r-devel-linux-x86_64-debian-clang | 1.1.11 | 54.68 | 415.97 | 470.65 | OK | |
r-devel-linux-x86_64-debian-gcc | 1.1.11 | 39.23 | 302.75 | 341.98 | OK | |
r-devel-linux-x86_64-fedora-clang | 1.1.11 | 783.99 | NOTE | |||
r-devel-linux-x86_64-fedora-gcc | 1.1.11 | 868.15 | NOTE | |||
r-devel-windows-x86_64 | 1.1.11 | 48.00 | 330.00 | 378.00 | OK | |
r-patched-linux-x86_64 | 1.1.11 | 42.48 | 391.34 | 433.82 | OK | |
r-release-linux-x86_64 | 1.1.11 | 49.08 | 384.75 | 433.83 | OK | |
r-release-macos-arm64 | 1.1.11 | 185.00 | OK | |||
r-release-macos-x86_64 | 1.1.11 | 282.00 | OK | |||
r-release-windows-x86_64 | 1.1.11 | 51.00 | 332.00 | 383.00 | OK | |
r-oldrel-macos-arm64 | 1.1.11 | 6.00 | ERROR | |||
r-oldrel-macos-x86_64 | 1.1.11 | 379.00 | OK | |||
r-oldrel-windows-x86_64 | 1.1.11 | 60.00 | 451.00 | 511.00 | OK |
Version: 1.1.11
Check: dependencies in R code
Result: NOTE
Namespace in Imports field not imported from: ‘robustbase’
All declared Imports should be used.
Flavors: r-devel-linux-x86_64-fedora-clang, r-devel-linux-x86_64-fedora-gcc
Version: 1.1.11
Check: package dependencies
Result: ERROR
Package required but not available: ‘VariantAnnotation’
See section ‘The DESCRIPTION file’ in the ‘Writing R Extensions’
manual.
Flavor: r-oldrel-macos-arm64