CRAN Package Check Results for Package PoA

Last updated on 2024-07-20 04:48:40 CEST.

Flavor Version Tinstall Tcheck Ttotal Status Flags
r-devel-linux-x86_64-debian-clang 1.2.1 4.06 39.80 43.86 NOTE
r-devel-linux-x86_64-debian-gcc 1.2.1 3.50 29.77 33.27 NOTE
r-devel-linux-x86_64-fedora-clang 1.2.1 58.63 NOTE
r-devel-linux-x86_64-fedora-gcc 1.2.1 56.27 NOTE
r-devel-windows-x86_64 1.2.1 6.00 48.00 54.00 NOTE
r-patched-linux-x86_64 1.2.1 4.83 38.14 42.97 NOTE
r-release-linux-x86_64 1.2.1 4.57 36.88 41.45 NOTE
r-release-macos-arm64 1.2.1 20.00 NOTE
r-release-macos-x86_64 1.2.1 29.00 NOTE
r-release-windows-x86_64 1.2.1 5.00 48.00 53.00 NOTE
r-oldrel-macos-arm64 1.2.1 23.00 NOTE
r-oldrel-macos-x86_64 1.2.1 31.00 NOTE
r-oldrel-windows-x86_64 1.2.1 7.00 53.00 60.00 NOTE

Check Details

Version: 1.2.1
Check: LazyData
Result: NOTE 'LazyData' is specified without a 'data' directory Flavors: r-devel-linux-x86_64-debian-clang, r-devel-linux-x86_64-debian-gcc, r-devel-linux-x86_64-fedora-clang, r-devel-linux-x86_64-fedora-gcc, r-devel-windows-x86_64, r-patched-linux-x86_64, r-release-linux-x86_64, r-release-macos-arm64, r-release-macos-x86_64, r-release-windows-x86_64, r-oldrel-macos-arm64, r-oldrel-macos-x86_64, r-oldrel-windows-x86_64