Last updated on 2023-03-23 00:51:19 CET.
Flavor | Version | Tinstall | Tcheck | Ttotal | Status | Flags |
---|---|---|---|---|---|---|
r-devel-linux-x86_64-debian-clang | 1.2.1 | 4.56 | 39.81 | 44.37 | NOTE | |
r-devel-linux-x86_64-debian-gcc | 1.2.1 | 3.30 | 30.07 | 33.37 | NOTE | |
r-devel-linux-x86_64-fedora-clang | 1.2.1 | 55.91 | NOTE | |||
r-devel-linux-x86_64-fedora-gcc | 1.2.1 | 56.20 | NOTE | |||
r-devel-windows-x86_64 | 1.2.1 | 11.00 | 66.00 | 77.00 | NOTE | |
r-patched-linux-x86_64 | 1.2.1 | 4.58 | 39.55 | 44.13 | NOTE | |
r-release-linux-x86_64 | 1.2.1 | 3.68 | 39.83 | 43.51 | NOTE | |
r-release-macos-arm64 | 1.2.1 | 21.00 | NOTE | |||
r-release-macos-x86_64 | 1.2.1 | 37.00 | NOTE | |||
r-release-windows-x86_64 | 1.2.1 | 19.00 | 68.00 | 87.00 | NOTE | |
r-oldrel-macos-arm64 | 1.2.1 | 27.00 | NOTE | |||
r-oldrel-macos-x86_64 | 1.2.1 | 38.00 | NOTE | |||
r-oldrel-windows-ix86+x86_64 | 1.2.1 | 12.00 | 65.00 | 77.00 | NOTE |
Version: 1.2.1
Check: LazyData
Result: NOTE
'LazyData' is specified without a 'data' directory
Flavors: r-devel-linux-x86_64-debian-clang, r-devel-linux-x86_64-debian-gcc, r-devel-linux-x86_64-fedora-clang, r-devel-linux-x86_64-fedora-gcc, r-devel-windows-x86_64, r-patched-linux-x86_64, r-release-linux-x86_64, r-release-macos-arm64, r-release-macos-x86_64, r-release-windows-x86_64, r-oldrel-macos-arm64, r-oldrel-macos-x86_64, r-oldrel-windows-ix86+x86_64