Last updated on 2023-03-30 08:53:46 CEST.
Flavor | Version | Tinstall | Tcheck | Ttotal | Status | Flags |
---|---|---|---|---|---|---|
r-devel-linux-x86_64-debian-clang | 1.0.2 | 10.49 | 105.45 | 115.94 | NOTE | |
r-devel-linux-x86_64-debian-gcc | 1.0.2 | 9.51 | 79.96 | 89.47 | NOTE | |
r-devel-linux-x86_64-fedora-clang | 1.0.2 | 143.46 | NOTE | |||
r-devel-linux-x86_64-fedora-gcc | 1.0.2 | 165.02 | NOTE | |||
r-devel-windows-x86_64 | 1.0.2 | 34.00 | 139.00 | 173.00 | NOTE | |
r-patched-linux-x86_64 | 1.0.2 | 9.19 | 98.66 | 107.85 | NOTE | |
r-release-linux-x86_64 | 1.0.2 | 11.24 | 94.88 | 106.12 | NOTE | |
r-release-macos-arm64 | 1.0.2 | 40.00 | NOTE | |||
r-release-macos-x86_64 | 1.0.2 | 81.00 | NOTE | |||
r-release-windows-x86_64 | 1.0.2 | 46.00 | 129.00 | 175.00 | NOTE | |
r-oldrel-macos-arm64 | 1.0.2 | 50.00 | NOTE | |||
r-oldrel-macos-x86_64 | 1.0.2 | 71.00 | NOTE | |||
r-oldrel-windows-ix86+x86_64 | 1.0.2 | 25.00 | 121.00 | 146.00 | NOTE |
Version: 1.0.2
Check: LazyData
Result: NOTE
'LazyData' is specified without a 'data' directory
Flavors: r-devel-linux-x86_64-debian-clang, r-devel-linux-x86_64-debian-gcc, r-devel-linux-x86_64-fedora-clang, r-devel-linux-x86_64-fedora-gcc, r-devel-windows-x86_64, r-patched-linux-x86_64, r-release-linux-x86_64, r-release-macos-arm64, r-release-macos-x86_64, r-release-windows-x86_64, r-oldrel-macos-arm64, r-oldrel-macos-x86_64, r-oldrel-windows-ix86+x86_64