CRAN Package Check Results for Package ProbitSpatial

Last updated on 2022-08-10 14:49:10 CEST.

Flavor Version Tinstall Tcheck Ttotal Status Flags
r-devel-linux-x86_64-debian-clang 1.1 103.03 72.80 175.83 OK
r-devel-linux-x86_64-debian-gcc 1.1 84.55 57.72 142.27 OK
r-devel-linux-x86_64-fedora-clang 1.1 252.26 NOTE
r-devel-linux-x86_64-fedora-gcc 1.1 247.28 OK
r-devel-windows-x86_64 1.1 91.00 119.00 210.00 OK
r-patched-linux-x86_64 1.1 86.52 71.11 157.63 OK
r-release-linux-x86_64 1.1 OK
r-release-macos-arm64 1.1 63.00 NOTE
r-release-macos-x86_64 1.1 82.00 NOTE
r-release-windows-x86_64 1.1 80.00 116.00 196.00 OK
r-oldrel-macos-arm64 1.1 73.00 NOTE
r-oldrel-macos-x86_64 1.1 78.00 NOTE
r-oldrel-windows-ix86+x86_64 1.1 181.00 129.00 310.00 OK

Check Details

Version: 1.1
Check: installed package size
Result: NOTE
     installed size is 17.6Mb
     sub-directories of 1Mb or more:
     libs 17.3Mb
Flavors: r-devel-linux-x86_64-fedora-clang, r-release-macos-arm64, r-release-macos-x86_64, r-oldrel-macos-arm64, r-oldrel-macos-x86_64