CRAN Package Check Results for Package ProfoundData

Last updated on 2022-10-02 17:51:49 CEST.

Flavor Version Tinstall Tcheck Ttotal Status Flags
r-devel-linux-x86_64-debian-clang 0.2.1 10.26 69.33 79.59 NOTE
r-devel-linux-x86_64-debian-gcc 0.2.1 5.35 52.74 58.09 NOTE
r-devel-linux-x86_64-fedora-clang 0.2.1 110.07 NOTE
r-devel-linux-x86_64-fedora-gcc 0.2.1 102.35 NOTE
r-devel-windows-x86_64 0.2.1 39.00 95.00 134.00 NOTE
r-patched-linux-x86_64 0.2.1 11.95 66.43 78.38 NOTE
r-release-linux-x86_64 0.2.1 8.85 65.66 74.51 NOTE
r-release-macos-arm64 0.2.1 30.00 NOTE
r-release-macos-x86_64 0.2.1 42.00 NOTE
r-release-windows-x86_64 0.2.1 51.00 94.00 145.00 NOTE
r-oldrel-macos-arm64 0.2.1 38.00 NOTE
r-oldrel-macos-x86_64 0.2.1 55.00 NOTE
r-oldrel-windows-ix86+x86_64 0.2.1 20.00 96.00 116.00 NOTE

Check Details

Version: 0.2.1
Check: LazyData
Result: NOTE
     'LazyData' is specified without a 'data' directory
Flavors: r-devel-linux-x86_64-debian-clang, r-devel-linux-x86_64-debian-gcc, r-devel-linux-x86_64-fedora-clang, r-devel-linux-x86_64-fedora-gcc, r-devel-windows-x86_64, r-patched-linux-x86_64, r-release-linux-x86_64, r-release-macos-arm64, r-release-macos-x86_64, r-release-windows-x86_64, r-oldrel-macos-arm64, r-oldrel-macos-x86_64, r-oldrel-windows-ix86+x86_64