CRAN Package Check Results for Package PublicationBias

Last updated on 2022-08-16 13:49:24 CEST.

Flavor Version Tinstall Tcheck Ttotal Status Flags
r-devel-linux-x86_64-debian-clang 2.2.0 10.71 103.35 114.06 NOTE
r-devel-linux-x86_64-debian-gcc 2.2.0 9.78 76.76 86.54 NOTE
r-devel-linux-x86_64-fedora-clang 2.2.0 145.67 NOTE
r-devel-linux-x86_64-fedora-gcc 2.2.0 152.52 NOTE
r-devel-windows-x86_64 2.2.0 16.00 117.00 133.00 NOTE
r-patched-linux-x86_64 2.2.0 8.39 95.73 104.12 NOTE
r-release-linux-x86_64 2.2.0 11.71 98.03 109.74 NOTE
r-release-macos-arm64 2.2.0 37.00 NOTE
r-release-macos-x86_64 2.2.0 66.00 NOTE
r-release-windows-x86_64 2.2.0 18.00 118.00 136.00 NOTE
r-oldrel-macos-arm64 2.2.0 44.00 NOTE
r-oldrel-macos-x86_64 2.2.0 58.00 NOTE
r-oldrel-windows-ix86+x86_64 2.2.0 29.00 120.00 149.00 NOTE

Check Details

Version: 2.2.0
Check: LazyData
Result: NOTE
     'LazyData' is specified without a 'data' directory
Flavors: r-devel-linux-x86_64-debian-clang, r-devel-linux-x86_64-debian-gcc, r-devel-linux-x86_64-fedora-clang, r-devel-linux-x86_64-fedora-gcc, r-devel-windows-x86_64, r-patched-linux-x86_64, r-release-linux-x86_64, r-release-macos-arm64, r-release-macos-x86_64, r-release-windows-x86_64, r-oldrel-macos-arm64, r-oldrel-macos-x86_64, r-oldrel-windows-ix86+x86_64

Version: 2.2.0
Check: dependencies in R code
Result: NOTE
    Namespace in Imports field not imported from: ‘Rdpack’
     All declared Imports should be used.
Flavors: r-devel-linux-x86_64-fedora-clang, r-devel-linux-x86_64-fedora-gcc, r-release-macos-arm64, r-release-macos-x86_64, r-oldrel-macos-arm64, r-oldrel-macos-x86_64