CRAN Package Check Results for Package PupilPre

Last updated on 2022-12-03 20:51:37 CET.

Flavor Version Tinstall Tcheck Ttotal Status Flags
r-devel-linux-x86_64-debian-clang 0.6.2 13.88 192.26 206.14 OK
r-devel-linux-x86_64-debian-gcc 0.6.2 9.44 139.71 149.15 OK
r-devel-linux-x86_64-fedora-clang 0.6.2 249.88 NOTE
r-devel-linux-x86_64-fedora-gcc 0.6.2 244.39 OK
r-devel-windows-x86_64 0.6.2 36.00 263.00 299.00 OK
r-patched-linux-x86_64 0.6.2 20.55 177.07 197.62 OK
r-release-linux-x86_64 0.6.2 8.44 166.79 175.23 OK
r-release-macos-arm64 0.6.2 61.00 OK
r-release-macos-x86_64 0.6.2 120.00 OK
r-release-windows-x86_64 0.6.2 38.00 224.00 262.00 OK
r-oldrel-macos-arm64 0.6.2 97.00 OK
r-oldrel-macos-x86_64 0.6.2 92.00 OK
r-oldrel-windows-ix86+x86_64 0.6.2 30.00 217.00 247.00 OK

Check Details

Version: 0.6.2
Check: Rd cross-references
Result: NOTE
    Undeclared package ‘tibble’ in Rd xrefs
Flavor: r-devel-linux-x86_64-fedora-clang