CRAN Package Check Results for Package QGameTheory

Last updated on 2022-01-28 09:52:58 CET.

Flavor Version Tinstall Tcheck Ttotal Status Flags
r-devel-linux-x86_64-debian-clang 0.1.2 8.03 69.81 77.84 NOTE
r-devel-linux-x86_64-debian-gcc 0.1.2 6.66 51.84 58.50 NOTE
r-devel-linux-x86_64-fedora-clang 0.1.2 85.69 NOTE
r-devel-linux-x86_64-fedora-gcc 0.1.2 74.37 NOTE
r-devel-windows-x86_64-new-UL 0.1.2 65.00 89.00 154.00 NOTE
r-devel-windows-x86_64-new-TK 0.1.2 NOTE
r-patched-linux-x86_64 0.1.2 6.39 60.40 66.79 NOTE
r-release-linux-x86_64 0.1.2 5.33 60.77 66.10 NOTE
r-release-macos-arm64 0.1.2 NOTE
r-release-macos-x86_64 0.1.2 NOTE
r-release-windows-ix86+x86_64 0.1.2 15.00 73.00 88.00 NOTE
r-oldrel-macos-x86_64 0.1.2 OK
r-oldrel-windows-ix86+x86_64 0.1.2 15.00 75.00 90.00 OK

Check Details

Version: 0.1.2
Check: LazyData
Result: NOTE
     'LazyData' is specified without a 'data' directory
Flavors: r-devel-linux-x86_64-debian-clang, r-devel-linux-x86_64-debian-gcc, r-devel-linux-x86_64-fedora-clang, r-devel-linux-x86_64-fedora-gcc, r-devel-windows-x86_64-new-UL, r-devel-windows-x86_64-new-TK, r-patched-linux-x86_64, r-release-linux-x86_64, r-release-macos-arm64, r-release-macos-x86_64, r-release-windows-ix86+x86_64