CRAN Package Check Results for Package QoLMiss

Last updated on 2022-11-29 07:54:04 CET.

Flavor Version Tinstall Tcheck Ttotal Status Flags
r-devel-linux-x86_64-debian-clang 0.1.0 12.12 100.48 112.60 OK
r-devel-linux-x86_64-debian-gcc 0.1.0 9.54 74.57 84.11 OK
r-devel-linux-x86_64-fedora-clang 0.1.0 147.18 NOTE
r-devel-linux-x86_64-fedora-gcc 0.1.0 141.24 NOTE
r-devel-windows-x86_64 0.1.0 16.00 123.00 139.00 OK
r-patched-linux-x86_64 0.1.0 12.22 92.64 104.86 OK
r-release-linux-x86_64 0.1.0 11.01 93.79 104.80 OK
r-release-macos-arm64 0.1.0 39.00 NOTE
r-release-macos-x86_64 0.1.0 68.00 NOTE
r-release-windows-x86_64 0.1.0 28.00 125.00 153.00 OK
r-oldrel-macos-arm64 0.1.0 36.00 NOTE
r-oldrel-macos-x86_64 0.1.0 59.00 NOTE
r-oldrel-windows-ix86+x86_64 0.1.0 26.00 116.00 142.00 OK

Check Details

Version: 0.1.0
Check: dependencies in R code
Result: NOTE
    Namespace in Imports field not imported from: ‘missMethods’
     All declared Imports should be used.
Flavors: r-devel-linux-x86_64-fedora-clang, r-devel-linux-x86_64-fedora-gcc, r-release-macos-arm64, r-release-macos-x86_64, r-oldrel-macos-arm64, r-oldrel-macos-x86_64