CRAN Package Check Results for Package QoLMiss

Last updated on 2022-05-17 23:56:43 CEST.

Flavor Version Tinstall Tcheck Ttotal Status Flags
r-devel-linux-x86_64-debian-clang 0.1.0 13.04 107.78 120.82 OK
r-devel-linux-x86_64-debian-gcc 0.1.0 9.48 78.37 87.85 OK
r-devel-linux-x86_64-fedora-clang 0.1.0 140.42 NOTE
r-devel-linux-x86_64-fedora-gcc 0.1.0 134.14 NOTE
r-devel-windows-x86_64 0.1.0 31.00 119.00 150.00 OK
r-patched-linux-x86_64 0.1.0 9.01 101.96 110.97 OK
r-release-linux-x86_64 0.1.0 9.08 98.55 107.63 OK
r-release-macos-arm64 0.1.0 39.00 NOTE
r-release-macos-x86_64 0.1.0 68.00 NOTE
r-release-windows-x86_64 0.1.0 28.00 113.00 141.00 OK
r-oldrel-macos-arm64 0.1.0 36.00 NOTE
r-oldrel-macos-x86_64 0.1.0 59.00 NOTE
r-oldrel-windows-ix86+x86_64 0.1.0 25.00 111.00 136.00 OK

Check Details

Version: 0.1.0
Check: dependencies in R code
Result: NOTE
    Namespace in Imports field not imported from: ‘missMethods’
     All declared Imports should be used.
Flavors: r-devel-linux-x86_64-fedora-clang, r-devel-linux-x86_64-fedora-gcc, r-release-macos-arm64, r-release-macos-x86_64, r-oldrel-macos-arm64, r-oldrel-macos-x86_64