Last updated on 2023-03-23 00:51:20 CET.
Flavor | Version | Tinstall | Tcheck | Ttotal | Status | Flags |
---|---|---|---|---|---|---|
r-devel-linux-x86_64-debian-clang | 1.0-11-0 | 13.52 | 95.51 | 109.03 | WARN | |
r-devel-linux-x86_64-debian-gcc | 1.0-11-0 | 10.59 | 73.66 | 84.25 | WARN | |
r-devel-linux-x86_64-fedora-clang | 1.0-11-0 | 140.45 | WARN | |||
r-devel-linux-x86_64-fedora-gcc | 1.0-11-0 | 136.28 | WARN | |||
r-devel-windows-x86_64 | 1.0-11-0 | 27.00 | 126.00 | 153.00 | OK | |
r-patched-linux-x86_64 | 1.0-11-0 | 14.40 | 89.28 | 103.68 | OK | |
r-release-linux-x86_64 | 1.0-11-0 | 12.30 | 89.90 | 102.20 | OK | |
r-release-macos-arm64 | 1.0-11-0 | 40.00 | OK | |||
r-release-macos-x86_64 | 1.0-11-0 | 54.00 | OK | |||
r-release-windows-x86_64 | 1.0-11-0 | 22.00 | 127.00 | 149.00 | OK | |
r-oldrel-macos-arm64 | 1.0-11-0 | 42.00 | OK | |||
r-oldrel-macos-x86_64 | 1.0-11-0 | 57.00 | OK | |||
r-oldrel-windows-ix86+x86_64 | 1.0-11-0 | 28.00 | 143.00 | 171.00 | OK |
Version: 1.0-11-0
Check: whether package can be installed
Result: WARN
Found the following significant warnings:
glmBias.c:84:19: warning: a function declaration without a prototype is deprecated in all versions of C [-Wstrict-prototypes]
See ‘/home/hornik/tmp/R.check/r-devel-clang/Work/PKGS/QuasiSeq.Rcheck/00install.out’ for details.
* used C compiler: ‘Debian clang version 15.0.6’
Flavor: r-devel-linux-x86_64-debian-clang
Version: 1.0-11-0
Check: whether package can be installed
Result: WARN
Found the following significant warnings:
glmBias.c:84:6: warning: function declaration isn’t a prototype [-Wstrict-prototypes]
See ‘/home/hornik/tmp/R.check/r-devel-gcc/Work/PKGS/QuasiSeq.Rcheck/00install.out’ for details.
* used C compiler: ‘gcc-12 (Debian 12.2.0-14) 12.2.0’
Flavor: r-devel-linux-x86_64-debian-gcc
Version: 1.0-11-0
Check: whether package can be installed
Result: WARN
Found the following significant warnings:
glmBias.c:84:19: warning: a function declaration without a prototype is deprecated in all versions of C [-Wstrict-prototypes]
See ‘/data/gannet/ripley/R/packages/tests-clang/QuasiSeq.Rcheck/00install.out’ for details.
* used C compiler: ‘clang version 16.0.0’
Flavor: r-devel-linux-x86_64-fedora-clang
Version: 1.0-11-0
Check: whether package can be installed
Result: WARN
Found the following significant warnings:
glmBias.c:84:6: warning: function declaration isn’t a prototype [-Wstrict-prototypes]
See ‘/data/gannet/ripley/R/packages/tests-devel/QuasiSeq.Rcheck/00install.out’ for details.
* used C compiler: ‘gcc (GCC) 12.2.1 20221121 (Red Hat 12.2.1-4)’
Flavor: r-devel-linux-x86_64-fedora-gcc