Last updated on 2022-06-28 10:49:16 CEST.
Flavor | Version | Tinstall | Tcheck | Ttotal | Status | Flags |
---|---|---|---|---|---|---|
r-devel-linux-x86_64-debian-clang | 0.1.3 | 8.75 | 123.46 | 132.21 | OK | |
r-devel-linux-x86_64-debian-gcc | 0.1.3 | 7.13 | 89.07 | 96.20 | OK | |
r-devel-linux-x86_64-fedora-clang | 0.1.3 | 162.38 | NOTE | |||
r-devel-linux-x86_64-fedora-gcc | 0.1.3 | 170.03 | NOTE | |||
r-devel-windows-x86_64 | 0.1.3 | 25.00 | 146.00 | 171.00 | OK | |
r-patched-linux-x86_64 | 0.1.3 | 14.86 | 108.82 | 123.68 | OK | |
r-release-linux-x86_64 | 0.1.3 | 9.51 | 111.39 | 120.90 | OK | |
r-release-macos-arm64 | 0.1.3 | 35.00 | NOTE | |||
r-release-macos-x86_64 | 0.1.3 | 80.00 | NOTE | |||
r-release-windows-x86_64 | 0.1.3 | 25.00 | 151.00 | 176.00 | OK | |
r-oldrel-macos-arm64 | 0.1.3 | 45.00 | NOTE | |||
r-oldrel-macos-x86_64 | 0.1.3 | 72.00 | NOTE | |||
r-oldrel-windows-ix86+x86_64 | 0.1.3 | 25.00 | 148.00 | 173.00 | OK |
Version: 0.1.3
Check: dependencies in R code
Result: NOTE
Namespace in Imports field not imported from: ‘testthat’
All declared Imports should be used.
Flavors: r-devel-linux-x86_64-fedora-clang, r-devel-linux-x86_64-fedora-gcc, r-release-macos-arm64, r-release-macos-x86_64, r-oldrel-macos-arm64, r-oldrel-macos-x86_64