CRAN Package Check Results for Package R.utils

Last updated on 2021-12-02 02:49:07 CET.

Flavor Version Tinstall Tcheck Ttotal Status Flags
r-devel-linux-x86_64-debian-clang 2.11.0 17.82 171.53 189.35 OK
r-devel-linux-x86_64-debian-gcc 2.11.0 13.44 130.17 143.61 OK
r-devel-linux-x86_64-fedora-clang 2.11.0 238.55 OK
r-devel-linux-x86_64-fedora-gcc 2.11.0 225.05 OK
r-devel-windows-x86_64-new-UL 2.11.0 94.00 0.00 94.00 FAIL
r-devel-windows-x86_64-new-TK 2.11.0 ERROR
r-devel-windows-x86_64-old 2.11.0 28.00 628.00 656.00 OK
r-patched-linux-x86_64 2.11.0 24.89 213.32 238.21 OK
r-patched-solaris-x86 2.11.0 307.30 OK
r-release-linux-x86_64 2.11.0 18.76 162.43 181.19 OK
r-release-macos-arm64 2.11.0 OK
r-release-macos-x86_64 2.11.0 OK
r-release-windows-ix86+x86_64 2.11.0 32.00 897.00 929.00 OK
r-oldrel-macos-x86_64 2.11.0 OK
r-oldrel-windows-ix86+x86_64 2.11.0 42.00 963.00 1005.00 OK

Check Details

Version: 2.11.0
Check: tests
Result: FAIL
    Check process probably crashed or hung up for 20 minutes ... killed
    Most likely this happened in the example checks (?),
    if not, ignore the following last lines of example output:
    > nameEx("writeBinFragments")
    > ### * writeBinFragments
    >
    > flush(stderr()); flush(stdout())
    >
    > ### Name: writeBinFragments
    > ### Title: Writes binary data to disjoint sections of a connection or a
    > ### file
    > ### Aliases: writeBinFragments.default writeBinFragments
    > ### Keywords: IO
    >
    > ### ** Examples
    > ## Not run: # See example(readBinFragments.connection)
    >
    >
    > ### * <FOOTER>
    > ###
    > cleanEx()
    > options(digits = 7L)
    > base::cat("Time elapsed: ", proc.time() - base::get("ptime", pos = 'CheckExEnv'),"\n")
    Time elapsed: 226.5 652.61 928.34 NA NA
    > grDevices::dev.off()
    null device
     1
    > ###
    > ### Local variables: ***
    > ### mode: outline-minor ***
    > ### outline-regexp: "\\(> \\)?### [*]+" ***
    > ### End: ***
    > quit('no')
    ======== End of example output (where/before crash/hang up occured ?) ========
Flavor: r-devel-windows-x86_64-new-UL

Version: 2.11.0
Check: tests
Result: ERROR
     Running 'Arguments-FILES.R'
     Running 'FileProgressBar.R'
     Running 'GString.R'
     Running 'Java.R'
     Running 'MultiVerbose.R'
     Running 'NullVerbose.R'
     Running 'Options.R'
     Running 'ProgressBar.R'
     Running 'Settings.R'
     Running 'System.R'
     Running 'TextStatusBar.R'
     Running 'VComments.R'
     Running 'Verbose.R'
     Running 'absolute-relative-paths.R'
    Running the tests in 'tests/absolute-relative-paths.R' failed.
    Complete output:
     > library("R.utils")
     Loading required package: R.oo
     Loading required package: R.methodsS3
     R.methodsS3 v1.8.1 (2020-08-26 16:20:06 UTC) successfully loaded. See ?R.methodsS3 for help.
     R.oo v1.24.0 (2020-08-26 16:11:58 UTC) successfully loaded. See ?R.oo for help.
    
     Attaching package: 'R.oo'
    
     The following object is masked from 'package:R.methodsS3':
    
     throw
    
     The following objects are masked from 'package:methods':
    
     getClasses, getMethods
    
     The following objects are masked from 'package:base':
    
     attach, detach, load, save
    
     R.utils v2.11.0 (2021-09-26 08:30:02 UTC) successfully loaded. See ?R.utils for help.
    
     Attaching package: 'R.utils'
    
     The following object is masked from 'package:utils':
    
     timestamp
    
     The following objects are masked from 'package:base':
    
     cat, commandArgs, getOption, inherits, isOpen, nullfile, parse,
     warnings
    
     > warnifnot <- egsub("stop", "warning", stopifnot, value=FALSE)
     >
     >
     > # Current directory
     > stopifnot(identical(getAbsolutePath("."), getwd()))
     > stopifnot(identical(getRelativePath("."), "."))
     >
     > # Tilde expansion
     > pathH <- normalizePath("~")
     > print(pathH)
     [1] "C:\\msys64"
     > pathHA <- getAbsolutePath(pathH)
     > print(pathHA)
     [1] "C:/msys64"
     > pathA <- getAbsolutePath("~", expandTilde=TRUE)
     > print(pathA)
     [1] "C:/msys64"
     > pathR <- getRelativePath("~")
     > print(pathR)
     [1] "../../../../../../msys64"
     > warnifnot(identical(tolower(pathA), tolower(pathH)))
     Warning message:
     identical(tolower(pathA), tolower(pathH)) is not TRUE
     > warnifnot(identical(tolower(getAbsolutePath(pathR)), tolower(pathH)))
     Warning message:
     identical(tolower(getAbsolutePath(pathR)), tolower(pathH)) is not TRUE
     >
     > pathR <- getRelativePath("~", caseSensitive=TRUE)
     > print(pathR)
     [1] "../../../../../../msys64"
     >
     > pathA <- getAbsolutePath("~/../Documents", expandTilde=TRUE)
     > pathA0 <- file.path(getParent(pathH), "Documents")
     > utils::str(list(pathA = pathA, pathA0 = pathA0))
     List of 2
     $ pathA : chr "C:/Documents"
     $ pathA0: chr "C://Documents"
     > stopifnot(pathA == pathA0)
     Error: pathA == pathA0 is not TRUE
     Execution halted
Flavor: r-devel-windows-x86_64-new-TK