Last updated on 2022-08-07 19:55:17 CEST.
Flavor | Version | Tinstall | Tcheck | Ttotal | Status | Flags |
---|---|---|---|---|---|---|
r-devel-linux-x86_64-debian-clang | 0.8-7 | 66.84 | 217.87 | 284.71 | OK | |
r-devel-linux-x86_64-debian-gcc | 0.8-7 | 45.38 | 159.22 | 204.60 | OK | |
r-devel-linux-x86_64-fedora-clang | 0.8-7 | 344.36 | NOTE | |||
r-devel-linux-x86_64-fedora-gcc | 0.8-7 | 360.59 | OK | |||
r-devel-windows-x86_64 | 0.8-7 | 94.00 | 224.00 | 318.00 | OK | |
r-patched-linux-x86_64 | 0.8-7 | 57.53 | 201.69 | 259.22 | OK | |
r-release-linux-x86_64 | 0.8-7 | 46.67 | 198.71 | 245.38 | OK | |
r-release-macos-arm64 | 0.8-7 | 78.00 | OK | |||
r-release-macos-x86_64 | 0.8-7 | 168.00 | OK | |||
r-release-windows-x86_64 | 0.8-7 | 94.00 | 220.00 | 314.00 | OK | |
r-oldrel-macos-arm64 | 0.8-7 | 85.00 | OK | |||
r-oldrel-macos-x86_64 | 0.8-7 | 132.00 | OK | |||
r-oldrel-windows-ix86+x86_64 | 0.8-7 | 107.00 | 223.00 | 330.00 | OK |
Version: 0.8-7
Check: Rd cross-references
Result: NOTE
Undeclared package ‘generics’ in Rd xrefs
Flavor: r-devel-linux-x86_64-fedora-clang