Last updated on 2022-08-13 09:54:33 CEST.
Flavor | Version | Tinstall | Tcheck | Ttotal | Status | Flags |
---|---|---|---|---|---|---|
r-devel-linux-x86_64-debian-clang | 0.9-7 | 24.88 | 32.16 | 57.04 | OK | |
r-devel-linux-x86_64-debian-gcc | 0.9-7 | 18.35 | 24.47 | 42.82 | OK | |
r-devel-linux-x86_64-fedora-clang | 0.9-7 | 81.44 | OK | |||
r-devel-linux-x86_64-fedora-gcc | 0.9-7 | 83.86 | OK | |||
r-devel-windows-x86_64 | 0.9-7 | 82.00 | 69.00 | 151.00 | OK | |
r-patched-linux-x86_64 | 0.9-7 | 18.48 | 30.83 | 49.31 | OK | |
r-release-linux-x86_64 | 0.9-7 | 19.64 | 30.26 | 49.90 | OK | |
r-release-macos-arm64 | 0.9-7 | 32.00 | NOTE | |||
r-release-macos-x86_64 | 0.9-7 | 42.00 | NOTE | |||
r-release-windows-x86_64 | 0.9-7 | 72.00 | 70.00 | 142.00 | OK | |
r-oldrel-macos-arm64 | 0.9-7 | 29.00 | NOTE | |||
r-oldrel-macos-x86_64 | 0.9-7 | 42.00 | NOTE | |||
r-oldrel-windows-ix86+x86_64 | 0.9-7 | 70.00 | 74.00 | 144.00 | OK |
Version: 0.9-7
Check: installed package size
Result: NOTE
installed size is 17.0Mb
sub-directories of 1Mb or more:
libs 16.8Mb
Flavors: r-release-macos-arm64, r-release-macos-x86_64, r-oldrel-macos-arm64, r-oldrel-macos-x86_64