CRAN Package Check Results for Package RABR

Last updated on 2022-08-15 14:52:38 CEST.

Flavor Version Tinstall Tcheck Ttotal Status Flags
r-devel-linux-x86_64-debian-clang 0.1.0 2.06 47.92 49.98 OK
r-devel-linux-x86_64-debian-gcc 0.1.0 2.22 37.12 39.34 OK
r-devel-linux-x86_64-fedora-clang 0.1.0 69.07 NOTE
r-devel-linux-x86_64-fedora-gcc 0.1.0 69.67 NOTE
r-devel-windows-x86_64 0.1.0 8.00 552.00 560.00 OK
r-patched-linux-x86_64 0.1.0 1.92 45.85 47.77 OK
r-release-linux-x86_64 0.1.0 1.79 44.90 46.69 OK
r-release-macos-arm64 0.1.0 207.00 NOTE
r-release-macos-x86_64 0.1.0 292.00 NOTE
r-release-windows-x86_64 0.1.0 6.00 541.00 547.00 OK
r-oldrel-macos-arm64 0.1.0 238.00 NOTE
r-oldrel-macos-x86_64 0.1.0 195.00 NOTE
r-oldrel-windows-ix86+x86_64 0.1.0 7.00 590.00 597.00 OK

Check Details

Version: 0.1.0
Check: dependencies in R code
Result: NOTE
    Namespaces in Imports field not imported from:
     ‘asd’ ‘cubature’ ‘data.table’ ‘ggplot2’ ‘multxpert’ ‘survival’
     All declared Imports should be used.
Flavors: r-devel-linux-x86_64-fedora-clang, r-devel-linux-x86_64-fedora-gcc, r-release-macos-arm64, r-release-macos-x86_64, r-oldrel-macos-arm64, r-oldrel-macos-x86_64