Last updated on 2023-03-30 08:53:47 CEST.
Flavor | Version | Tinstall | Tcheck | Ttotal | Status | Flags |
---|---|---|---|---|---|---|
r-devel-linux-x86_64-debian-clang | 0.1.0 | 2.75 | 42.27 | 45.02 | OK | |
r-devel-linux-x86_64-debian-gcc | 0.1.0 | 2.14 | 32.45 | 34.59 | OK | |
r-devel-linux-x86_64-fedora-clang | 0.1.0 | 56.05 | NOTE | |||
r-devel-linux-x86_64-fedora-gcc | 0.1.0 | 65.66 | NOTE | |||
r-devel-windows-x86_64 | 0.1.0 | 35.00 | 77.00 | 112.00 | OK | |
r-patched-linux-x86_64 | 0.1.0 | 2.74 | 39.68 | 42.42 | OK | |
r-release-linux-x86_64 | 0.1.0 | 1.74 | 41.48 | 43.22 | OK | |
r-release-macos-arm64 | 0.1.0 | 22.00 | NOTE | |||
r-release-macos-x86_64 | 0.1.0 | 45.00 | NOTE | |||
r-release-windows-x86_64 | 0.1.0 | 21.00 | 76.00 | 97.00 | OK | |
r-oldrel-macos-arm64 | 0.1.0 | 24.00 | NOTE | |||
r-oldrel-macos-x86_64 | 0.1.0 | 40.00 | NOTE | |||
r-oldrel-windows-ix86+x86_64 | 0.1.0 | 7.00 | 72.00 | 79.00 | OK |
Version: 0.1.0
Check: dependencies in R code
Result: NOTE
Namespace in Imports field not imported from: ‘gridExtra’
All declared Imports should be used.
Flavors: r-devel-linux-x86_64-fedora-clang, r-devel-linux-x86_64-fedora-gcc, r-release-macos-arm64, r-release-macos-x86_64, r-oldrel-macos-arm64, r-oldrel-macos-x86_64