CRAN Package Check Results for Package RAQSAPI

Last updated on 2022-01-27 20:50:02 CET.

Flavor Version Tinstall Tcheck Ttotal Status Flags
r-devel-linux-x86_64-debian-clang 2.0.2 9.24 92.47 101.71 OK
r-devel-linux-x86_64-debian-gcc 2.0.2 7.41 70.44 77.85 OK
r-devel-linux-x86_64-fedora-clang 2.0.2 15.26 ERROR
r-devel-linux-x86_64-fedora-gcc 2.0.2 7.59 ERROR
r-devel-windows-x86_64-new-UL 2.0.2 136.00 150.00 286.00 OK
r-devel-windows-x86_64-new-TK 2.0.2 OK
r-patched-linux-x86_64 2.0.2 12.33 90.47 102.80 OK
r-release-linux-x86_64 2.0.2 6.43 89.62 96.05 OK
r-release-macos-arm64 2.0.2 OK
r-release-macos-x86_64 2.0.2 OK
r-release-windows-ix86+x86_64 2.0.2 19.00 123.00 142.00 OK
r-oldrel-macos-x86_64 2.0.2 OK
r-oldrel-windows-ix86+x86_64 2.0.2 18.00 121.00 139.00 OK

Check Details

Version: 2.0.2
Check: whether package can be installed
Result: ERROR
    Installation failed.
Flavors: r-devel-linux-x86_64-fedora-clang, r-devel-linux-x86_64-fedora-gcc