CRAN Package Check Results for Package RBitmoji

Last updated on 2019-09-23 05:47:01 CEST.

Flavor Version Tinstall Tcheck Ttotal Status Flags
r-devel-linux-x86_64-debian-clang 0.0.2 2.02 22.25 24.27 NOTE
r-devel-linux-x86_64-debian-gcc 0.0.2 1.87 18.24 20.11 NOTE
r-devel-linux-x86_64-fedora-clang 0.0.2 30.74 NOTE
r-devel-linux-x86_64-fedora-gcc 0.0.2 30.43 NOTE
r-devel-windows-ix86+x86_64 0.0.2 7.00 49.00 56.00 NOTE
r-patched-linux-x86_64 0.0.2 1.90 22.67 24.57 OK
r-patched-solaris-x86 0.0.2 51.70 NOTE
r-release-linux-x86_64 0.0.2 1.96 22.64 24.60 OK
r-release-windows-ix86+x86_64 0.0.2 6.00 47.00 53.00 OK
r-release-osx-x86_64 0.0.2 NOTE
r-oldrel-windows-ix86+x86_64 0.0.2 3.00 33.00 36.00 OK
r-oldrel-osx-x86_64 0.0.2 NOTE

Check Details

Version: 0.0.2
Check: package vignettes
Result: NOTE
    Package vignette with placeholder title 'Vignette Title':
     'RBitmoji.Rmd'
Flavors: r-devel-linux-x86_64-debian-clang, r-devel-linux-x86_64-debian-gcc, r-devel-windows-ix86+x86_64

Version: 0.0.2
Check: dependencies in R code
Result: NOTE
    Namespace in Imports field not imported from: ‘jsonlite’
     All declared Imports should be used.
Flavors: r-devel-linux-x86_64-fedora-clang, r-devel-linux-x86_64-fedora-gcc, r-patched-solaris-x86, r-release-osx-x86_64, r-oldrel-osx-x86_64