CRAN Package Check Results for Package RBitmoji

Last updated on 2020-02-19 23:52:38 CET.

Flavor Version Tinstall Tcheck Ttotal Status Flags
r-devel-linux-x86_64-debian-clang 0.0.2 2.49 24.38 26.87 NOTE
r-devel-linux-x86_64-debian-gcc 0.0.2 1.88 19.52 21.40 NOTE
r-devel-linux-x86_64-fedora-clang 0.0.2 33.77 NOTE
r-devel-linux-x86_64-fedora-gcc 0.0.2 32.81 NOTE
r-devel-windows-ix86+x86_64 0.0.2 6.00 35.00 41.00 NOTE
r-devel-windows-ix86+x86_64-gcc8 0.0.2 9.00 52.00 61.00 NOTE
r-patched-linux-x86_64 0.0.2 2.00 22.97 24.97 OK
r-patched-solaris-x86 0.0.2 48.20 NOTE
r-release-linux-x86_64 0.0.2 1.89 23.07 24.96 OK
r-release-windows-ix86+x86_64 0.0.2 4.00 36.00 40.00 OK
r-release-osx-x86_64 0.0.2 NOTE
r-oldrel-windows-ix86+x86_64 0.0.2 2.00 43.00 45.00 OK
r-oldrel-osx-x86_64 0.0.2 NOTE

Check Details

Version: 0.0.2
Check: package vignettes
Result: NOTE
    Package vignette with placeholder title 'Vignette Title':
     'RBitmoji.Rmd'
Flavors: r-devel-linux-x86_64-debian-clang, r-devel-linux-x86_64-debian-gcc, r-devel-windows-ix86+x86_64, r-devel-windows-ix86+x86_64-gcc8

Version: 0.0.2
Check: dependencies in R code
Result: NOTE
    Namespace in Imports field not imported from: ‘jsonlite’
     All declared Imports should be used.
Flavors: r-devel-linux-x86_64-fedora-clang, r-devel-linux-x86_64-fedora-gcc, r-patched-solaris-x86, r-release-osx-x86_64, r-oldrel-osx-x86_64