CRAN Package Check Results for Package RCGLS

Last updated on 2021-10-28 11:51:38 CEST.

Flavor Version Tinstall Tcheck Ttotal Status Flags
r-devel-linux-x86_64-debian-clang 1.0.3 22.99 213.02 236.01 NOTE
r-devel-linux-x86_64-debian-gcc 1.0.3 20.60 162.28 182.88 NOTE
r-devel-linux-x86_64-fedora-clang 1.0.3 313.64 NOTE
r-devel-linux-x86_64-fedora-gcc 1.0.3 275.10 NOTE
r-devel-windows-x86_64 1.0.3 35.00 241.00 276.00 NOTE
r-devel-windows-x86_64-gcc10-UCRT 1.0.3 NOTE
r-patched-linux-x86_64 1.0.3 23.01 204.97 227.98 NOTE
r-patched-solaris-x86 1.0.3 154.30 NOTE
r-release-linux-x86_64 1.0.3 21.65 206.32 227.97 NOTE
r-release-macos-arm64 1.0.3 NOTE
r-release-macos-x86_64 1.0.3 NOTE
r-release-windows-ix86+x86_64 1.0.3 37.00 233.00 270.00 NOTE
r-oldrel-macos-x86_64 1.0.3 OK
r-oldrel-windows-ix86+x86_64 1.0.3 39.00 257.00 296.00 OK

Check Details

Version: 1.0.3
Check: LazyData
Result: NOTE
     'LazyData' is specified without a 'data' directory
Flavors: r-devel-linux-x86_64-debian-clang, r-devel-linux-x86_64-debian-gcc, r-devel-linux-x86_64-fedora-clang, r-devel-linux-x86_64-fedora-gcc, r-devel-windows-x86_64, r-devel-windows-x86_64-gcc10-UCRT, r-patched-linux-x86_64, r-patched-solaris-x86, r-release-linux-x86_64, r-release-macos-arm64, r-release-macos-x86_64, r-release-windows-ix86+x86_64