CRAN Package Check Results for Package RClickhouse

Last updated on 2020-02-23 10:49:02 CET.

Flavor Version Tinstall Tcheck Ttotal Status Flags
r-devel-linux-x86_64-debian-clang 0.5.1 103.29 48.40 151.69 OK
r-devel-linux-x86_64-debian-gcc 0.5.1 74.22 36.50 110.72 OK
r-devel-linux-x86_64-fedora-clang 0.5.1 235.75 NOTE
r-devel-linux-x86_64-fedora-gcc 0.5.1 196.68 OK
r-devel-windows-ix86+x86_64 0.5.1 201.00 90.00 291.00 OK
r-devel-windows-ix86+x86_64-gcc8 0.5.1 265.00 113.00 378.00 OK
r-patched-linux-x86_64 0.5.1 OK
r-patched-solaris-x86 0.5.1 174.70 OK
r-release-linux-x86_64 0.5.1 85.57 41.25 126.82 OK
r-release-windows-ix86+x86_64 0.5.1 201.00 91.00 292.00 OK
r-release-osx-x86_64 0.5.1 WARN
r-oldrel-windows-ix86+x86_64 0.5.1 211.00 87.00 298.00 OK
r-oldrel-osx-x86_64 0.5.1 WARN

Check Details

Version: 0.5.1
Check: installed package size
Result: NOTE
     installed size is 13.1Mb
     sub-directories of 1Mb or more:
     libs 12.7Mb
Flavors: r-devel-linux-x86_64-fedora-clang, r-release-osx-x86_64, r-oldrel-osx-x86_64

Version: 0.5.1
Check: for executable files
Result: WARN
    Found the following executable file:
     src/vendor/clickhouse-cpp/contrib/lz4/LICENSE
    Source packages should not contain undeclared executable files.
    See section ‘Package structure’ in the ‘Writing R Extensions’ manual.
Flavors: r-release-osx-x86_64, r-oldrel-osx-x86_64