CRAN Package Check Results for Package RClickhouse

Last updated on 2019-09-22 08:48:23 CEST.

Flavor Version Tinstall Tcheck Ttotal Status Flags
r-devel-linux-x86_64-debian-clang 0.4.0 72.83 39.09 111.92 OK
r-devel-linux-x86_64-debian-gcc 0.4.0 59.77 30.60 90.37 OK
r-devel-linux-x86_64-fedora-clang 0.4.0 189.85 NOTE
r-devel-linux-x86_64-fedora-gcc 0.4.0 157.47 OK
r-devel-windows-ix86+x86_64 0.4.0 214.00 114.00 328.00 OK
r-patched-linux-x86_64 0.4.0 62.95 38.11 101.06 OK
r-patched-solaris-x86 0.4.0 156.90 OK
r-release-linux-x86_64 0.4.0 60.97 38.55 99.52 OK
r-release-windows-ix86+x86_64 0.4.0 152.00 79.00 231.00 OK
r-release-osx-x86_64 0.4.0 WARN
r-oldrel-windows-ix86+x86_64 0.4.0 145.00 78.00 223.00 OK
r-oldrel-osx-x86_64 0.4.0 WARN

Check Details

Version: 0.4.0
Check: installed package size
Result: NOTE
     installed size is 11.4Mb
     sub-directories of 1Mb or more:
     libs 11.2Mb
Flavors: r-devel-linux-x86_64-fedora-clang, r-release-osx-x86_64, r-oldrel-osx-x86_64

Version: 0.4.0
Check: for executable files
Result: WARN
    Found the following executable file:
     src/vendor/clickhouse-cpp/contrib/lz4/LICENSE
    Source packages should not contain undeclared executable files.
    See section ‘Package structure’ in the ‘Writing R Extensions’ manual.
Flavors: r-release-osx-x86_64, r-oldrel-osx-x86_64