CRAN Package Check Results for Package RClone

Last updated on 2020-02-17 17:52:21 CET.

Flavor Version Tinstall Tcheck Ttotal Status Flags
r-devel-linux-x86_64-debian-clang 1.0.2 8.41 246.33 254.74 NOTE
r-devel-linux-x86_64-debian-gcc 1.0.2 6.12 166.78 172.90 NOTE
r-devel-linux-x86_64-fedora-clang 1.0.2 284.75 NOTE
r-devel-linux-x86_64-fedora-gcc 1.0.2 282.37 NOTE
r-devel-windows-ix86+x86_64 1.0.2 13.00 196.00 209.00 OK
r-devel-windows-ix86+x86_64-gcc8 1.0.2 20.00 277.00 297.00 OK
r-patched-linux-x86_64 1.0.2 6.22 216.83 223.05 OK
r-patched-solaris-x86 1.0.2 272.50 OK
r-release-linux-x86_64 1.0.2 6.04 212.94 218.98 OK
r-release-windows-ix86+x86_64 1.0.2 10.00 179.00 189.00 OK
r-release-osx-x86_64 1.0.2 OK
r-oldrel-windows-ix86+x86_64 1.0.2 8.00 190.00 198.00 OK
r-oldrel-osx-x86_64 1.0.2 OK

Check Details

Version: 1.0.2
Check: for non-standard things in the check directory
Result: NOTE
    Found the following files/directories:
     'file1.arp' 'file2.arp' 'test.txt' 'test2.txt'
Flavors: r-devel-linux-x86_64-debian-clang, r-devel-linux-x86_64-debian-gcc, r-devel-linux-x86_64-fedora-clang, r-devel-linux-x86_64-fedora-gcc