CRAN Package Check Results for Package RClone

Last updated on 2020-09-27 22:46:54 CEST.

Flavor Version Tinstall Tcheck Ttotal Status Flags
r-devel-linux-x86_64-debian-clang 1.0.2 6.93 230.01 236.94 NOTE
r-devel-linux-x86_64-debian-gcc 1.0.2 7.21 153.03 160.24 NOTE
r-devel-linux-x86_64-fedora-clang 1.0.2 272.56 NOTE
r-devel-linux-x86_64-fedora-gcc 1.0.2 292.69 NOTE
r-devel-windows-ix86+x86_64 1.0.2 15.00 263.00 278.00 OK
r-patched-linux-x86_64 1.0.2 7.61 222.29 229.90 NOTE
r-patched-solaris-x86 1.0.2 300.80 NOTE
r-release-linux-x86_64 1.0.2 8.53 225.98 234.51 NOTE
r-release-macos-x86_64 1.0.2 OK
r-release-windows-ix86+x86_64 1.0.2 12.00 264.00 276.00 OK
r-oldrel-macos-x86_64 1.0.2 OK
r-oldrel-windows-ix86+x86_64 1.0.2 32.00 239.00 271.00 OK

Check Details

Version: 1.0.2
Check: for non-standard things in the check directory
Result: NOTE
    Found the following files/directories:
     'file1.arp' 'file2.arp' 'test.txt' 'test2.txt'
Flavors: r-devel-linux-x86_64-debian-clang, r-devel-linux-x86_64-debian-gcc, r-devel-linux-x86_64-fedora-clang, r-devel-linux-x86_64-fedora-gcc, r-patched-linux-x86_64, r-patched-solaris-x86, r-release-linux-x86_64