Last updated on 2021-04-15 04:48:52 CEST.
Flavor | Version | Tinstall | Tcheck | Ttotal | Status | Flags |
---|---|---|---|---|---|---|
r-devel-linux-x86_64-debian-clang | 0.2.1 | 3.08 | 393.06 | 396.14 | NOTE | |
r-devel-linux-x86_64-debian-gcc | 0.2.1 | 2.11 | 426.92 | 429.03 | NOTE | |
r-devel-linux-x86_64-fedora-clang | 0.2.1 | 527.86 | NOTE | |||
r-devel-linux-x86_64-fedora-gcc | 0.2.1 | 505.86 | NOTE | |||
r-devel-windows-ix86+x86_64 | 0.2.1 | 6.00 | 488.00 | 494.00 | NOTE | |
r-devel-windows-x86_64-gcc10-UCRT | 0.2.1 | NOTE | ||||
r-patched-linux-x86_64 | 0.2.1 | 2.57 | 399.52 | 402.09 | OK | |
r-patched-solaris-x86 | 0.2.1 | 1586.10 | OK | |||
r-release-linux-x86_64 | 0.2.1 | 3.04 | 398.28 | 401.32 | OK | |
r-release-macos-x86_64 | 0.2.1 | OK | ||||
r-release-windows-ix86+x86_64 | 0.2.1 | 24.00 | 485.00 | 509.00 | OK | |
r-oldrel-macos-x86_64 | 0.2.1 | OK | ||||
r-oldrel-windows-ix86+x86_64 | 0.2.1 | 5.00 | 457.00 | 462.00 | OK |
Version: 0.2.1
Check: LazyData
Result: NOTE
'LazyData' is specified without a 'data' directory
Flavors: r-devel-linux-x86_64-debian-clang, r-devel-linux-x86_64-debian-gcc, r-devel-linux-x86_64-fedora-clang, r-devel-linux-x86_64-fedora-gcc, r-devel-windows-ix86+x86_64, r-devel-windows-x86_64-gcc10-UCRT