CRAN Package Check Results for Package RDota2

Last updated on 2022-09-27 13:50:27 CEST.

Flavor Version Tinstall Tcheck Ttotal Status Flags
r-devel-linux-x86_64-debian-clang 0.1.6 2.07 32.20 34.27 NOTE
r-devel-linux-x86_64-debian-gcc 0.1.6 1.88 24.77 26.65 NOTE
r-devel-linux-x86_64-fedora-clang 0.1.6 55.34 NOTE
r-devel-linux-x86_64-fedora-gcc 0.1.6 54.04 NOTE
r-devel-windows-x86_64 0.1.6 12.00 75.00 87.00 NOTE
r-patched-linux-x86_64 0.1.6 2.76 30.11 32.87 NOTE
r-release-linux-x86_64 0.1.6 2.50 29.46 31.96 NOTE
r-release-macos-arm64 0.1.6 20.00 NOTE
r-release-macos-x86_64 0.1.6 28.00 NOTE
r-release-windows-x86_64 0.1.6 15.00 66.00 81.00 NOTE
r-oldrel-macos-arm64 0.1.6 23.00 NOTE
r-oldrel-macos-x86_64 0.1.6 29.00 NOTE
r-oldrel-windows-ix86+x86_64 0.1.6 5.00 56.00 61.00 NOTE

Check Details

Version: 0.1.6
Check: LazyData
Result: NOTE
     'LazyData' is specified without a 'data' directory
Flavors: r-devel-linux-x86_64-debian-clang, r-devel-linux-x86_64-debian-gcc, r-devel-linux-x86_64-fedora-clang, r-devel-linux-x86_64-fedora-gcc, r-devel-windows-x86_64, r-patched-linux-x86_64, r-release-linux-x86_64, r-release-macos-arm64, r-release-macos-x86_64, r-release-windows-x86_64, r-oldrel-macos-arm64, r-oldrel-macos-x86_64, r-oldrel-windows-ix86+x86_64