Last updated on 2022-06-27 14:53:52 CEST.
Flavor | Version | Tinstall | Tcheck | Ttotal | Status | Flags |
---|---|---|---|---|---|---|
r-devel-linux-x86_64-debian-clang | 0.4.1 | 4.63 | 43.04 | 47.67 | NOTE | |
r-devel-linux-x86_64-debian-gcc | 0.4.1 | 2.90 | 31.70 | 34.60 | NOTE | |
r-devel-linux-x86_64-fedora-clang | 0.4.1 | 67.33 | NOTE | |||
r-devel-linux-x86_64-fedora-gcc | 0.4.1 | 68.58 | NOTE | |||
r-devel-windows-x86_64 | 0.4.1 | 20.00 | 65.00 | 85.00 | NOTE | |
r-patched-linux-x86_64 | 0.4.1 | 4.26 | 39.50 | 43.76 | NOTE | |
r-release-linux-x86_64 | 0.4.1 | 4.39 | 39.71 | 44.10 | NOTE | |
r-release-macos-arm64 | 0.4.1 | 21.00 | NOTE | |||
r-release-macos-x86_64 | 0.4.1 | 30.00 | NOTE | |||
r-release-windows-x86_64 | 0.4.1 | 16.00 | 67.00 | 83.00 | NOTE | |
r-oldrel-macos-arm64 | 0.4.1 | 25.00 | NOTE | |||
r-oldrel-macos-x86_64 | 0.4.1 | 35.00 | NOTE | |||
r-oldrel-windows-ix86+x86_64 | 0.4.1 | 10.00 | 59.00 | 69.00 | NOTE |
Version: 0.4.1
Check: LazyData
Result: NOTE
'LazyData' is specified without a 'data' directory
Flavors: r-devel-linux-x86_64-debian-clang, r-devel-linux-x86_64-debian-gcc, r-devel-linux-x86_64-fedora-clang, r-devel-linux-x86_64-fedora-gcc, r-devel-windows-x86_64, r-patched-linux-x86_64, r-release-linux-x86_64, r-release-macos-arm64, r-release-macos-x86_64, r-release-windows-x86_64, r-oldrel-macos-arm64, r-oldrel-macos-x86_64, r-oldrel-windows-ix86+x86_64