Last updated on 2021-03-02 18:47:49 CET.
Flavor | Version | Tinstall | Tcheck | Ttotal | Status | Flags |
---|---|---|---|---|---|---|
r-devel-linux-x86_64-debian-clang | 1.0 | NOTE | ||||
r-devel-linux-x86_64-debian-gcc | 1.0 | 7.42 | 59.50 | 66.92 | NOTE | |
r-devel-linux-x86_64-fedora-clang | 1.0 | 119.00 | NOTE | |||
r-devel-linux-x86_64-fedora-gcc | 1.0 | 104.19 | NOTE | |||
r-devel-windows-ix86+x86_64 | 1.0 | 18.00 | 96.00 | 114.00 | OK | |
r-patched-linux-x86_64 | 1.0 | 8.45 | 74.10 | 82.55 | NOTE | |
r-patched-solaris-x86 | 1.0 | 143.10 | NOTE | |||
r-release-linux-x86_64 | 1.0 | 9.09 | 73.37 | 82.46 | NOTE | |
r-release-macos-x86_64 | 1.0 | OK | ||||
r-release-windows-ix86+x86_64 | 1.0 | 17.00 | 98.00 | 115.00 | OK | |
r-oldrel-macos-x86_64 | 1.0 | OK | ||||
r-oldrel-windows-ix86+x86_64 | 1.0 | 16.00 | 110.00 | 126.00 | OK |
Version: 1.0
Check: for non-standard things in the check directory
Result: NOTE
Found the following files/directories:
'P.csv' 'correct_alpha.csv' 'correct_beta.csv' 'correct_gamma.csv'
'correct_lambda.csv' 'correct_perm_list.csv' 'correct_psi.csv'
Flavors: r-devel-linux-x86_64-debian-clang, r-devel-linux-x86_64-debian-gcc, r-devel-linux-x86_64-fedora-clang, r-devel-linux-x86_64-fedora-gcc, r-patched-linux-x86_64, r-patched-solaris-x86, r-release-linux-x86_64