CRAN Package Check Results for Package REddyProcNCDF

Last updated on 2022-10-01 19:50:52 CEST.

Flavor Version Tinstall Tcheck Ttotal Status Flags
r-devel-linux-x86_64-debian-clang 1.1.4 7.83 76.24 84.07 NOTE
r-devel-linux-x86_64-debian-gcc 1.1.4 6.13 55.03 61.16 NOTE
r-devel-linux-x86_64-fedora-clang 1.1.4 114.16 NOTE
r-devel-linux-x86_64-fedora-gcc 1.1.4 108.58 NOTE
r-devel-windows-x86_64 1.1.4 19.00 96.00 115.00 NOTE
r-patched-linux-x86_64 1.1.4 6.64 70.50 77.14 NOTE
r-release-linux-x86_64 1.1.4 5.24 71.61 76.85 NOTE
r-release-macos-arm64 1.1.4 30.00 NOTE
r-release-macos-x86_64 1.1.4 49.00 NOTE
r-release-windows-x86_64 1.1.4 24.00 114.00 138.00 NOTE
r-oldrel-macos-arm64 1.1.4 28.00 NOTE
r-oldrel-macos-x86_64 1.1.4 37.00 NOTE
r-oldrel-windows-ix86+x86_64 1.1.4 19.00 90.00 109.00 NOTE

Check Details

Version: 1.1.4
Check: LazyData
Result: NOTE
     'LazyData' is specified without a 'data' directory
Flavors: r-devel-linux-x86_64-debian-clang, r-devel-linux-x86_64-debian-gcc, r-devel-linux-x86_64-fedora-clang, r-devel-linux-x86_64-fedora-gcc, r-devel-windows-x86_64, r-patched-linux-x86_64, r-release-linux-x86_64, r-release-macos-arm64, r-release-macos-x86_64, r-release-windows-x86_64, r-oldrel-macos-arm64, r-oldrel-macos-x86_64, r-oldrel-windows-ix86+x86_64