CRAN Package Check Results for Package RFinanceYJ

Last updated on 2020-02-19 21:46:47 CET.

Flavor Version Tinstall Tcheck Ttotal Status Flags
r-devel-linux-x86_64-debian-clang 0.3.1 3.49 29.10 32.59 NOTE
r-devel-linux-x86_64-debian-gcc 0.3.1 2.73 22.07 24.80 NOTE
r-devel-linux-x86_64-fedora-clang 0.3.1 39.94 NOTE
r-devel-linux-x86_64-fedora-gcc 0.3.1 39.39 NOTE
r-devel-windows-ix86+x86_64 0.3.1 9.00 37.00 46.00 NOTE
r-devel-windows-ix86+x86_64-gcc8 0.3.1 13.00 55.00 68.00 NOTE
r-patched-linux-x86_64 0.3.1 2.58 25.24 27.82 NOTE
r-patched-solaris-x86 0.3.1 52.70 NOTE
r-release-linux-x86_64 0.3.1 2.93 25.45 28.38 NOTE
r-release-windows-ix86+x86_64 0.3.1 6.00 40.00 46.00 NOTE
r-release-osx-x86_64 0.3.1 NOTE
r-oldrel-windows-ix86+x86_64 0.3.1 3.00 38.00 41.00 NOTE
r-oldrel-osx-x86_64 0.3.1 NOTE

Check Details

Version: 0.3.1
Check: DESCRIPTION meta-information
Result: NOTE
    Malformed Description field: should contain one or more complete sentences.
    License components which are templates and need '+ file LICENSE':
     BSD 3-clause License
Flavors: r-devel-linux-x86_64-debian-clang, r-devel-linux-x86_64-debian-gcc, r-devel-linux-x86_64-fedora-clang, r-devel-linux-x86_64-fedora-gcc, r-patched-linux-x86_64, r-patched-solaris-x86, r-release-linux-x86_64, r-release-osx-x86_64, r-oldrel-osx-x86_64

Version: 0.3.1
Check: dependencies in R code
Result: NOTE
    Packages in Depends field not imported from:
     'XML' 'xts'
     These packages need to be imported from (in the NAMESPACE file)
     for when this namespace is loaded but not attached.
Flavors: r-devel-linux-x86_64-debian-clang, r-devel-linux-x86_64-debian-gcc, r-devel-linux-x86_64-fedora-clang, r-devel-linux-x86_64-fedora-gcc, r-devel-windows-ix86+x86_64, r-devel-windows-ix86+x86_64-gcc8, r-patched-linux-x86_64, r-patched-solaris-x86, r-release-linux-x86_64, r-release-windows-ix86+x86_64, r-release-osx-x86_64, r-oldrel-windows-ix86+x86_64, r-oldrel-osx-x86_64

Version: 0.3.1
Check: R code for possible problems
Result: NOTE
    quoteFXTsData : function.fx: no visible global function definition for
     'xmlValue'
    quoteFundTsData : function.fund: no visible global function definition
     for 'xmlValue'
    quoteStockTsData : function.stock: no visible global function
     definition for 'xmlSize'
    quoteStockTsData : function.stock: no visible global function
     definition for 'xmlValue'
    quoteTsData: no visible global function definition for 'xmlRoot'
    quoteTsData: no visible global function definition for 'htmlTreeParse'
    quoteTsData: no visible global function definition for
     'xmlErrorCumulator'
    quoteTsData: no visible global function definition for 'xmlSize'
    toXts: no visible global function definition for 'as.xts'
    Undefined global functions or variables:
     as.xts htmlTreeParse xmlErrorCumulator xmlRoot xmlSize xmlValue
Flavors: r-devel-linux-x86_64-debian-clang, r-devel-linux-x86_64-debian-gcc, r-devel-linux-x86_64-fedora-clang, r-devel-linux-x86_64-fedora-gcc, r-devel-windows-ix86+x86_64, r-devel-windows-ix86+x86_64-gcc8, r-patched-linux-x86_64, r-patched-solaris-x86, r-release-linux-x86_64, r-release-windows-ix86+x86_64, r-release-osx-x86_64, r-oldrel-windows-ix86+x86_64, r-oldrel-osx-x86_64

Version: 0.3.1
Check: DESCRIPTION meta-information
Result: NOTE
    Malformed Description field: should contain one or more complete sentences.
Flavors: r-devel-windows-ix86+x86_64, r-devel-windows-ix86+x86_64-gcc8, r-release-windows-ix86+x86_64, r-oldrel-windows-ix86+x86_64