CRAN Package Check Results for Package RGF

Last updated on 2022-08-09 01:54:58 CEST.

Flavor Version Tinstall Tcheck Ttotal Status Flags
r-devel-linux-x86_64-debian-clang 1.0.8 11.17 77.75 88.92 NOTE
r-devel-linux-x86_64-debian-gcc 1.0.8 9.14 58.60 67.74 NOTE
r-devel-linux-x86_64-fedora-clang 1.0.8 117.01 OK
r-devel-linux-x86_64-fedora-gcc 1.0.8 121.88 OK
r-devel-windows-x86_64 1.0.8 17.00 99.00 116.00 OK
r-patched-linux-x86_64 1.0.8 11.27 73.06 84.33 OK
r-release-linux-x86_64 1.0.8 OK
r-release-macos-arm64 1.0.8 37.00 OK
r-release-macos-x86_64 1.0.8 48.00 OK
r-release-windows-x86_64 1.0.8 15.00 103.00 118.00 OK
r-oldrel-macos-arm64 1.0.8 46.00 OK
r-oldrel-macos-x86_64 1.0.8 68.00 OK
r-oldrel-windows-ix86+x86_64 1.0.8 23.00 92.00 115.00 OK

Check Details

Version: 1.0.8
Check: HTML version of manual
Result: NOTE
    Found the following HTML validation problems:
    FastRGF_Classifier.html:117:6: Warning: missing </span> before <p>
    FastRGF_Classifier.html:117:93: Warning: inserting implicit <span>
    FastRGF_Classifier.html:120:6: Warning: missing </span> before <p>
    FastRGF_Classifier.html:120:96: Warning: inserting implicit <span>
    FastRGF_Classifier.html:123:6: Warning: missing </span> before <p>
    FastRGF_Classifier.html:123:105: Warning: inserting implicit <span>
    FastRGF_Classifier.html:126:6: Warning: missing </span> before <p>
    FastRGF_Classifier.html:126:89: Warning: inserting implicit <span>
    FastRGF_Classifier.html:129:6: Warning: missing </span> before <p>
    FastRGF_Classifier.html:129:96: Warning: inserting implicit <span>
    FastRGF_Classifier.html:132:6: Warning: missing </span> before <p>
    FastRGF_Classifier.html:132:93: Warning: inserting implicit <span>
    FastRGF_Classifier.html:135:6: Warning: missing </span> before <p>
    FastRGF_Classifier.html:135:99: Warning: inserting implicit <span>
    FastRGF_Classifier.html:138:6: Warning: missing </span> before <p>
    FastRGF_Classifier.html:138:96: Warning: inserting implicit <span>
    FastRGF_Classifier.html:141:6: Warning: missing </span> before <p>
    FastRGF_Classifier.html:141:91: Warning: inserting implicit <span>
    FastRGF_Classifier.html:117:6: Warning: trimming empty <span>
    FastRGF_Classifier.html:120:6: Warning: trimming empty <span>
    FastRGF_Classifier.html:123:6: Warning: trimming empty <span>
    FastRGF_Classifier.html:126:6: Warning: trimming empty <span>
    FastRGF_Classifier.html:129:6: Warning: trimming empty <span>
    FastRGF_Classifier.html:132:6: Warning: trimming empty <span>
    FastRGF_Classifier.html:135:6: Warning: trimming empty <span>
    FastRGF_Classifier.html:138:6: Warning: trimming empty <span>
    FastRGF_Classifier.html:141:6: Warning: trimming empty <span>
    FastRGF_Regressor.html:111:6: Warning: missing </span> before <p>
    FastRGF_Regressor.html:111:93: Warning: inserting implicit <span>
    FastRGF_Regressor.html:114:6: Warning: missing </span> before <p>
    FastRGF_Regressor.html:114:96: Warning: inserting implicit <span>
    FastRGF_Regressor.html:117:6: Warning: missing </span> before <p>
    FastRGF_Regressor.html:117:105: Warning: inserting implicit <span>
    FastRGF_Regressor.html:120:6: Warning: missing </span> before <p>
    FastRGF_Regressor.html:120:89: Warning: inserting implicit <span>
    FastRGF_Regressor.html:123:6: Warning: missing </span> before <p>
    FastRGF_Regressor.html:123:96: Warning: inserting implicit <span>
    FastRGF_Regressor.html:126:6: Warning: missing </span> before <p>
    FastRGF_Regressor.html:126:93: Warning: inserting implicit <span>
    FastRGF_Regressor.html:129:6: Warning: missing </span> before <p>
    FastRGF_Regressor.html:129:99: Warning: inserting implicit <span>
    FastRGF_Regressor.html:132:6: Warning: missing </span> before <p>
    FastRGF_Regressor.html:132:96: Warning: inserting implicit <span>
    FastRGF_Regressor.html:135:6: Warning: missing </span> before <p>
    FastRGF_Regressor.html:135:91: Warning: inserting implicit <span>
    FastRGF_Regressor.html:111:6: Warning: trimming empty <span>
    FastRGF_Regressor.html:114:6: Warning: trimming empty <span>
    FastRGF_Regressor.html:117:6: Warning: trimming empty <span>
    FastRGF_Regressor.html:120:6: Warning: trimming empty <span>
    FastRGF_Regressor.html:123:6: Warning: trimming empty <span>
    FastRGF_Regressor.html:126:6: Warning: trimming empty <span>
    FastRGF_Regressor.html:129:6: Warning: trimming empty <span>
    FastRGF_Regressor.html:132:6: Warning: trimming empty <span>
    FastRGF_Regressor.html:135:6: Warning: trimming empty <span>
    RGF_Classifier.html:125:6: Warning: missing </span> before <p>
    RGF_Classifier.html:125:93: Warning: inserting implicit <span>
    RGF_Classifier.html:128:6: Warning: missing </span> before <p>
    RGF_Classifier.html:128:96: Warning: inserting implicit <span>
    RGF_Classifier.html:131:6: Warning: missing </span> before <p>
    RGF_Classifier.html:131:105: Warning: inserting implicit <span>
    RGF_Classifier.html:134:6: Warning: missing </span> before <p>
    RGF_Classifier.html:134:89: Warning: inserting implicit <span>
    RGF_Classifier.html:137:6: Warning: missing </span> before <p>
    RGF_Classifier.html:137:96: Warning: inserting implicit <span>
    RGF_Classifier.html:140:6: Warning: missing </span> before <p>
    RGF_Classifier.html:140:93: Warning: inserting implicit <span>
    RGF_Classifier.html:143:6: Warning: missing </span> before <p>
    RGF_Classifier.html:143:99: Warning: inserting implicit <span>
    RGF_Classifier.html:146:6: Warning: missing </span> before <p>
    RGF_Classifier.html:146:96: Warning: inserting implicit <span>
    RGF_Classifier.html:149:6: Warning: missing </span> before <p>
    RGF_Classifier.html:149:91: Warning: inserting implicit <span>
    RGF_Classifier.html:125:6: Warning: trimming empty <span>
    RGF_Classifier.html:128:6: Warning: trimming empty <span>
    RGF_Classifier.html:131:6: Warning: trimming empty <span>
    RGF_Classifier.html:134:6: Warning: trimming empty <span>
    RGF_Classifier.html:137:6: Warning: trimming empty <span>
    RGF_Classifier.html:140:6: Warning: trimming empty <span>
    RGF_Classifier.html:143:6: Warning: trimming empty <span>
    RGF_Classifier.html:146:6: Warning: trimming empty <span>
    RGF_Classifier.html:149:6: Warning: trimming empty <span>
    RGF_Regressor.html:119:6: Warning: missing </span> before <p>
    RGF_Regressor.html:119:93: Warning: inserting implicit <span>
    RGF_Regressor.html:122:6: Warning: missing </span> before <p>
    RGF_Regressor.html:122:96: Warning: inserting implicit <span>
    RGF_Regressor.html:125:6: Warning: missing </span> before <p>
    RGF_Regressor.html:125:105: Warning: inserting implicit <span>
    RGF_Regressor.html:128:6: Warning: missing </span> before <p>
    RGF_Regressor.html:128:89: Warning: inserting implicit <span>
    RGF_Regressor.html:131:6: Warning: missing </span> before <p>
    RGF_Regressor.html:131:96: Warning: inserting implicit <span>
    RGF_Regressor.html:134:6: Warning: missing </span> before <p>
    RGF_Regressor.html:134:93: Warning: inserting implicit <span>
    RGF_Regressor.html:137:6: Warning: missing </span> before <p>
    RGF_Regressor.html:137:99: Warning: inserting implicit <span>
    RGF_Regressor.html:140:6: Warning: missing </span> before <p>
    RGF_Regressor.html:140:96: Warning: inserting implicit <span>
    RGF_Regressor.html:143:6: Warning: missing </span> before <p>
    RGF_Regressor.html:143:91: Warning: inserting implicit <span>
    RGF_Regressor.html:119:6: Warning: trimming empty <span>
    RGF_Regressor.html:122:6: Warning: trimming empty <span>
    RGF_Regressor.html:125:6: Warning: trimming empty <span>
    RGF_Regressor.html:128:6: Warning: trimming empty <span>
    RGF_Regressor.html:131:6: Warning: trimming empty <span>
    RGF_Regressor.html:134:6: Warning: trimming empty <span>
    RGF_Regressor.html:137:6: Warning: trimming empty <span>
    RGF_Regressor.html:140:6: Warning: trimming empty <span>
    RGF_Regressor.html:143:6: Warning: trimming empty <span>
Flavors: r-devel-linux-x86_64-debian-clang, r-devel-linux-x86_64-debian-gcc