Last updated on 2022-08-10 14:49:12 CEST.
Flavor | Version | Tinstall | Tcheck | Ttotal | Status | Flags |
---|---|---|---|---|---|---|
r-devel-linux-x86_64-debian-clang | 0.2.4 | 6.15 | 48.36 | 54.51 | OK | |
r-devel-linux-x86_64-debian-gcc | 0.2.4 | 4.99 | 36.96 | 41.95 | OK | |
r-devel-linux-x86_64-fedora-clang | 0.2.4 | 75.65 | NOTE | |||
r-devel-linux-x86_64-fedora-gcc | 0.2.4 | 77.63 | OK | |||
r-devel-windows-x86_64 | 0.2.4 | 18.00 | 70.00 | 88.00 | OK | |
r-patched-linux-x86_64 | 0.2.4 | 8.45 | 47.48 | 55.93 | OK | |
r-release-linux-x86_64 | 0.2.4 | OK | ||||
r-release-macos-arm64 | 0.2.4 | 22.00 | OK | |||
r-release-macos-x86_64 | 0.2.4 | 33.00 | OK | |||
r-release-windows-x86_64 | 0.2.4 | 21.00 | 72.00 | 93.00 | OK | |
r-oldrel-macos-arm64 | 0.2.4 | 33.00 | OK | |||
r-oldrel-macos-x86_64 | 0.2.4 | 47.00 | OK | |||
r-oldrel-windows-ix86+x86_64 | 0.2.4 | 16.00 | 66.00 | 82.00 | OK |
Version: 0.2.4
Check: Rd cross-references
Result: NOTE
Undeclared package ‘DBI’ in Rd xrefs
Flavor: r-devel-linux-x86_64-fedora-clang