CRAN Package Check Results for Package RImageJROI

Last updated on 2019-09-18 01:47:04 CEST.

Flavor Version Tinstall Tcheck Ttotal Status Flags
r-devel-linux-x86_64-debian-clang 0.1.1 6.93 63.51 70.44 NOTE
r-devel-linux-x86_64-debian-gcc 0.1.1 5.98 50.63 56.61 NOTE
r-devel-linux-x86_64-fedora-clang 0.1.1 86.73 NOTE
r-devel-linux-x86_64-fedora-gcc 0.1.1 86.86 NOTE
r-devel-windows-ix86+x86_64 0.1.1 24.00 77.00 101.00 NOTE
r-patched-linux-x86_64 0.1.1 6.36 62.37 68.73 NOTE
r-patched-solaris-x86 0.1.1 131.10 NOTE
r-release-linux-x86_64 0.1.1 6.84 61.88 68.72 NOTE
r-release-windows-ix86+x86_64 0.1.1 14.00 71.00 85.00 NOTE
r-release-osx-x86_64 0.1.1 NOTE
r-oldrel-windows-ix86+x86_64 0.1.1 14.00 69.00 83.00 NOTE
r-oldrel-osx-x86_64 0.1.1 NOTE

Check Details

Version: 0.1.1
Check: R code for possible problems
Result: NOTE
    plot.ijzip: no visible global function definition for 'plot'
    plot.ijzip : <anonymous>: no visible global function definition for
     'plot'
    plot.ijzip: no visible global function definition for 'axis'
    read.ijzip: no visible global function definition for 'unzip'
    Undefined global functions or variables:
     axis plot unzip
    Consider adding
     importFrom("graphics", "axis", "plot")
     importFrom("utils", "unzip")
    to your NAMESPACE file.
Flavors: r-devel-linux-x86_64-debian-clang, r-devel-linux-x86_64-debian-gcc, r-devel-linux-x86_64-fedora-clang, r-devel-linux-x86_64-fedora-gcc, r-devel-windows-ix86+x86_64, r-patched-linux-x86_64, r-patched-solaris-x86, r-release-linux-x86_64, r-release-windows-ix86+x86_64, r-release-osx-x86_64, r-oldrel-windows-ix86+x86_64, r-oldrel-osx-x86_64