CRAN Package Check Results for Package RImageJROI

Last updated on 2020-02-21 00:49:52 CET.

Flavor Version Tinstall Tcheck Ttotal Status Flags
r-devel-linux-x86_64-debian-clang 0.1.1 7.89 74.29 82.18 NOTE
r-devel-linux-x86_64-debian-gcc 0.1.1 6.93 54.68 61.61 NOTE
r-devel-linux-x86_64-fedora-clang 0.1.1 98.09 NOTE
r-devel-linux-x86_64-fedora-gcc 0.1.1 96.58 NOTE
r-devel-windows-ix86+x86_64 0.1.1 14.00 75.00 89.00 NOTE
r-devel-windows-ix86+x86_64-gcc8 0.1.1 24.00 112.00 136.00 NOTE
r-patched-linux-x86_64 0.1.1 7.59 63.75 71.34 NOTE
r-patched-solaris-x86 0.1.1 136.40 NOTE
r-release-linux-x86_64 0.1.1 6.94 63.46 70.40 NOTE
r-release-windows-ix86+x86_64 0.1.1 12.00 77.00 89.00 NOTE
r-release-osx-x86_64 0.1.1 NOTE
r-oldrel-windows-ix86+x86_64 0.1.1 8.00 66.00 74.00 NOTE
r-oldrel-osx-x86_64 0.1.1 NOTE

Check Details

Version: 0.1.1
Check: R code for possible problems
Result: NOTE
    plot.ijzip: no visible global function definition for 'plot'
    plot.ijzip : <anonymous>: no visible global function definition for
     'plot'
    plot.ijzip: no visible global function definition for 'axis'
    read.ijzip: no visible global function definition for 'unzip'
    Undefined global functions or variables:
     axis plot unzip
    Consider adding
     importFrom("graphics", "axis", "plot")
     importFrom("utils", "unzip")
    to your NAMESPACE file.
Flavors: r-devel-linux-x86_64-debian-clang, r-devel-linux-x86_64-debian-gcc, r-devel-linux-x86_64-fedora-clang, r-devel-linux-x86_64-fedora-gcc, r-devel-windows-ix86+x86_64, r-devel-windows-ix86+x86_64-gcc8, r-patched-linux-x86_64, r-patched-solaris-x86, r-release-linux-x86_64, r-release-windows-ix86+x86_64, r-release-osx-x86_64, r-oldrel-windows-ix86+x86_64, r-oldrel-osx-x86_64