CRAN Package Check Results for Package RJSONIO

Last updated on 2022-11-29 07:54:06 CET.

Flavor Version Tinstall Tcheck Ttotal Status Flags
r-devel-linux-x86_64-debian-clang 1.3-1.6 16.67 47.53 64.20 WARN
r-devel-linux-x86_64-debian-gcc 1.3-1.6 15.10 37.33 52.43 WARN
r-devel-linux-x86_64-fedora-clang 1.3-1.6 114.40 WARN
r-devel-linux-x86_64-fedora-gcc 1.3-1.6 93.72 WARN
r-devel-windows-x86_64 1.3-1.6 60.00 89.00 149.00 OK
r-patched-linux-x86_64 1.3-1.6 16.32 45.85 62.17 OK
r-release-linux-x86_64 1.3-1.6 17.65 45.46 63.11 OK
r-release-macos-arm64 1.3-1.6 36.00 OK
r-release-macos-x86_64 1.3-1.6 50.00 OK
r-release-windows-x86_64 1.3-1.6 42.00 83.00 125.00 OK
r-oldrel-macos-arm64 1.3-1.6 35.00 OK
r-oldrel-macos-x86_64 1.3-1.6 71.00 OK
r-oldrel-windows-ix86+x86_64 1.3-1.6 42.00 85.00 127.00 OK

Check Details

Version: 1.3-1.6
Check: whether package can be installed
Result: WARN
    Found the following significant warnings:
     rlibjson.c:364:18: warning: a function declaration without a prototype is deprecated in all versions of C [-Wstrict-prototypes]
Flavors: r-devel-linux-x86_64-debian-clang, r-devel-linux-x86_64-fedora-clang

Version: 1.3-1.6
Check: whether package can be installed
Result: WARN
    Found the following significant warnings:
     rlibjson.c:364:1: warning: function declaration isn’t a prototype [-Wstrict-prototypes]
Flavors: r-devel-linux-x86_64-debian-gcc, r-devel-linux-x86_64-fedora-gcc