CRAN Package Check Results for Package RKelly

Last updated on 2022-10-01 16:49:26 CEST.

Flavor Version Tinstall Tcheck Ttotal Status Flags
r-devel-linux-x86_64-debian-clang 1.0 1.36 26.20 27.56 NOTE
r-devel-linux-x86_64-debian-gcc 1.0 1.46 20.75 22.21 NOTE
r-devel-linux-x86_64-fedora-clang 1.0 47.28 NOTE
r-devel-linux-x86_64-fedora-gcc 1.0 47.20 NOTE
r-devel-windows-x86_64 1.0 11.00 57.00 68.00 NOTE
r-patched-linux-x86_64 1.0 1.68 25.12 26.80 NOTE
r-release-linux-x86_64 1.0 1.85 25.32 27.17 NOTE
r-release-macos-arm64 1.0 15.00 NOTE
r-release-macos-x86_64 1.0 22.00 NOTE
r-release-windows-x86_64 1.0 10.00 86.00 96.00 NOTE
r-oldrel-macos-arm64 1.0 19.00 NOTE
r-oldrel-macos-x86_64 1.0 31.00 NOTE
r-oldrel-windows-ix86+x86_64 1.0 5.00 50.00 55.00 NOTE

Check Details

Version: 1.0
Check: LazyData
Result: NOTE
     'LazyData' is specified without a 'data' directory
Flavors: r-devel-linux-x86_64-debian-clang, r-devel-linux-x86_64-debian-gcc, r-devel-linux-x86_64-fedora-clang, r-devel-linux-x86_64-fedora-gcc, r-devel-windows-x86_64, r-patched-linux-x86_64, r-release-linux-x86_64, r-release-macos-arm64, r-release-macos-x86_64, r-release-windows-x86_64, r-oldrel-macos-arm64, r-oldrel-macos-x86_64, r-oldrel-windows-ix86+x86_64