CRAN Package Check Results for Package RMTL

Last updated on 2020-02-19 21:46:48 CET.

Flavor Version Tinstall Tcheck Ttotal Status Flags
r-devel-linux-x86_64-debian-clang 0.9 4.06 47.47 51.53 NOTE
r-devel-linux-x86_64-debian-gcc 0.9 3.48 35.10 38.58 NOTE
r-devel-linux-x86_64-fedora-clang 0.9 61.17 OK
r-devel-linux-x86_64-fedora-gcc 0.9 58.91 OK
r-devel-windows-ix86+x86_64 0.9 8.00 59.00 67.00 NOTE
r-devel-windows-ix86+x86_64-gcc8 0.9 12.00 81.00 93.00 NOTE
r-patched-linux-x86_64 0.9 4.18 42.17 46.35 OK
r-patched-solaris-x86 0.9 73.80 OK
r-release-linux-x86_64 0.9 4.11 41.89 46.00 OK
r-release-windows-ix86+x86_64 0.9 7.00 49.00 56.00 OK
r-release-osx-x86_64 0.9 OK
r-oldrel-windows-ix86+x86_64 0.9 5.00 48.00 53.00 OK
r-oldrel-osx-x86_64 0.9 OK

Check Details

Version: 0.9
Check: package vignettes
Result: NOTE
    Package vignette with placeholder title 'Vignette Title':
     'rmtl.Rmd'
Flavors: r-devel-linux-x86_64-debian-clang, r-devel-linux-x86_64-debian-gcc, r-devel-windows-ix86+x86_64, r-devel-windows-ix86+x86_64-gcc8