CRAN Package Check Results for Package RMTL

Last updated on 2019-09-23 05:47:03 CEST.

Flavor Version Tinstall Tcheck Ttotal Status Flags
r-devel-linux-x86_64-debian-clang 0.9 4.61 42.63 47.24 NOTE
r-devel-linux-x86_64-debian-gcc 0.9 3.19 31.59 34.78 NOTE
r-devel-linux-x86_64-fedora-clang 0.9 55.60 OK
r-devel-linux-x86_64-fedora-gcc 0.9 54.93 OK
r-devel-windows-ix86+x86_64 0.9 10.00 75.00 85.00 NOTE
r-patched-linux-x86_64 0.9 3.68 41.27 44.95 OK
r-patched-solaris-x86 0.9 75.10 OK
r-release-linux-x86_64 0.9 3.96 42.42 46.38 OK
r-release-windows-ix86+x86_64 0.9 10.00 67.00 77.00 OK
r-release-osx-x86_64 0.9 OK
r-oldrel-windows-ix86+x86_64 0.9 4.00 47.00 51.00 OK
r-oldrel-osx-x86_64 0.9 OK

Check Details

Version: 0.9
Check: package vignettes
Result: NOTE
    Package vignette with placeholder title 'Vignette Title':
     'rmtl.Rmd'
Flavors: r-devel-linux-x86_64-debian-clang, r-devel-linux-x86_64-debian-gcc, r-devel-windows-ix86+x86_64