CRAN Package Check Results for Package RNetCDF

Last updated on 2022-08-13 07:11:44 CEST.

Flavor Version Tinstall Tcheck Ttotal Status Flags
r-devel-linux-x86_64-debian-clang 2.6-1 17.99 42.98 60.97 OK
r-devel-linux-x86_64-debian-gcc 2.6-1 11.98 33.48 45.46 OK
r-devel-linux-x86_64-fedora-clang 2.6-1 85.93 OK
r-devel-linux-x86_64-fedora-gcc 2.6-1 80.81 OK
r-devel-windows-x86_64 2.6-1 47.00 124.00 171.00 NOTE
r-patched-linux-x86_64 2.6-1 13.80 41.80 55.60 OK
r-release-linux-x86_64 2.6-1 12.38 42.26 54.64 OK
r-release-macos-arm64 2.6-1 44.00 NOTE
r-release-macos-x86_64 2.6-1 58.00 NOTE
r-release-windows-x86_64 2.6-1 84.00 132.00 216.00 NOTE
r-oldrel-macos-arm64 2.6-1 44.00 NOTE
r-oldrel-macos-x86_64 2.6-1 67.00 NOTE
r-oldrel-windows-ix86+x86_64 2.6-1 45.00 208.00 253.00 NOTE

Check Details

Version: 2.6-1
Check: installed package size
Result: NOTE
     installed size is 10.8Mb
     sub-directories of 1Mb or more:
     libs 10.4Mb
Flavors: r-devel-windows-x86_64, r-release-macos-arm64, r-release-macos-x86_64, r-release-windows-x86_64, r-oldrel-macos-arm64, r-oldrel-macos-x86_64, r-oldrel-windows-ix86+x86_64

Version: 2.6-1
Check: package dependencies
Result: NOTE
    Package which this enhances but not available for checking: ‘pbdMPI’
Flavors: r-release-macos-arm64, r-release-macos-x86_64, r-oldrel-macos-arm64, r-oldrel-macos-x86_64

Version: 2.6-1
Check: Rd cross-references
Result: NOTE
    Package unavailable to check Rd xrefs: ‘pbdMPI’
Flavors: r-release-macos-arm64, r-release-macos-x86_64, r-oldrel-macos-arm64, r-oldrel-macos-x86_64