CRAN Package Check Results for Package RNetLogo

Last updated on 2019-09-24 08:50:59 CEST.

Flavor Version Tinstall Tcheck Ttotal Status Flags
r-devel-linux-x86_64-debian-clang 1.0-4 4.58 36.45 41.03 OK
r-devel-linux-x86_64-debian-gcc 1.0-4 3.20 29.20 32.40 OK
r-devel-linux-x86_64-fedora-clang 1.0-4 50.46 OK
r-devel-linux-x86_64-fedora-gcc 1.0-4 49.33 OK
r-devel-windows-ix86+x86_64 1.0-4 8.00 7.00 15.00 ERROR
r-patched-linux-x86_64 1.0-4 4.18 35.36 39.54 OK
r-patched-solaris-x86 1.0-4 92.40 OK
r-release-linux-x86_64 1.0-4 3.55 35.99 39.54 OK
r-release-windows-ix86+x86_64 1.0-4 12.00 72.00 84.00 OK
r-release-osx-x86_64 1.0-4 OK
r-oldrel-windows-ix86+x86_64 1.0-4 5.00 54.00 59.00 OK
r-oldrel-osx-x86_64 1.0-4 OK

Check Details

Version: 1.0-4
Check: whether package can be installed
Result: ERROR
    Installation failed.
Flavor: r-devel-windows-ix86+x86_64