CRAN Package Check Results for Package ROCR

Last updated on 2024-02-28 20:53:34 CET.

Flavor Version Tinstall Tcheck Ttotal Status Flags
r-devel-linux-x86_64-debian-clang 1.0-11 4.12 147.72 151.84 NOTE
r-devel-linux-x86_64-debian-gcc 1.0-11 4.29 113.91 118.20 NOTE
r-devel-linux-x86_64-fedora-clang 1.0-11 190.35 NOTE
r-devel-linux-x86_64-fedora-gcc 1.0-11 188.47 NOTE
r-devel-windows-x86_64 1.0-11 5.00 130.00 135.00 NOTE
r-patched-linux-x86_64 1.0-11 3.64 150.93 154.57 NOTE
r-release-linux-x86_64 1.0-11 5.48 151.74 157.22 NOTE
r-release-macos-arm64 1.0-11 52.00 NOTE
r-release-macos-x86_64 1.0-11 93.00 NOTE
r-release-windows-x86_64 1.0-11 6.00 158.00 164.00 NOTE
r-oldrel-macos-arm64 1.0-11 49.00 OK
r-oldrel-windows-x86_64 1.0-11 8.00 150.00 158.00 OK

Check Details

Version: 1.0-11
Check: Rd files
Result: NOTE checkRd: (-1) performance.Rd:35: Escaped LaTeX specials: \# checkRd: (-1) performance.Rd:36: Escaped LaTeX specials: \# \# \# checkRd: (-1) performance.Rd:37: Escaped LaTeX specials: \# \# Flavors: r-devel-linux-x86_64-debian-clang, r-devel-linux-x86_64-debian-gcc, r-devel-linux-x86_64-fedora-clang, r-devel-linux-x86_64-fedora-gcc, r-devel-windows-x86_64, r-patched-linux-x86_64, r-release-linux-x86_64, r-release-macos-arm64, r-release-macos-x86_64, r-release-windows-x86_64