Last updated on 2023-01-29 09:56:24 CET.
Flavor | Version | Tinstall | Tcheck | Ttotal | Status | Flags |
---|---|---|---|---|---|---|
r-devel-linux-x86_64-debian-clang | 1.0-11 | 3.38 | 131.40 | 134.78 | NOTE | |
r-devel-linux-x86_64-debian-gcc | 1.0-11 | 4.01 | 95.93 | 99.94 | NOTE | |
r-devel-linux-x86_64-fedora-clang | 1.0-11 | 164.14 | NOTE | |||
r-devel-linux-x86_64-fedora-gcc | 1.0-11 | 175.66 | NOTE | |||
r-devel-windows-x86_64 | 1.0-11 | 25.00 | 180.00 | 205.00 | NOTE | |
r-patched-linux-x86_64 | 1.0-11 | 5.49 | 122.98 | 128.47 | OK | |
r-release-linux-x86_64 | 1.0-11 | 4.57 | 123.25 | 127.82 | OK | |
r-release-macos-arm64 | 1.0-11 | 49.00 | OK | |||
r-release-macos-x86_64 | 1.0-11 | 78.00 | OK | |||
r-release-windows-x86_64 | 1.0-11 | 24.00 | 166.00 | 190.00 | OK | |
r-oldrel-macos-arm64 | 1.0-11 | 59.00 | OK | |||
r-oldrel-macos-x86_64 | 1.0-11 | 109.00 | OK | |||
r-oldrel-windows-ix86+x86_64 | 1.0-11 | 11.00 | 163.00 | 174.00 | OK |
Version: 1.0-11
Check: Rd files
Result: NOTE
checkRd: (-1) performance.Rd:35: Escaped LaTeX specials: \#
checkRd: (-1) performance.Rd:36: Escaped LaTeX specials: \# \# \#
checkRd: (-1) performance.Rd:37: Escaped LaTeX specials: \# \#
Flavors: r-devel-linux-x86_64-debian-clang, r-devel-linux-x86_64-debian-gcc, r-devel-linux-x86_64-fedora-clang, r-devel-linux-x86_64-fedora-gcc, r-devel-windows-x86_64